{"id":20644,"date":"2019-05-27T11:23:03","date_gmt":"2019-05-27T11:23:03","guid":{"rendered":"https:\/\/www.garciafaura.com\/production\/"},"modified":"2022-12-15T14:38:25","modified_gmt":"2022-12-15T12:38:25","slug":"production","status":"publish","type":"page","link":"https:\/\/www.garciafaura.com\/fr\/production\/","title":{"rendered":"Production"},"content":{"rendered":"<div class=\"wpb-content-wrapper\">[vc_row full_width=\u00a0\u00bbstretch_row\u00a0\u00bb content_placement=\u00a0\u00bbmiddle\u00a0\u00bb wpex_bg_overlay=\u00a0\u00bbcolor\u00a0\u00bb wpex_bg_overlay_color=\u00a0\u00bb#d9d9d9&Prime; wpex_bg_overlay_opacity=\u00a0\u00bb0.85&Prime;][vc_column]<div class=\"vcex-spacing\" style=\"height:30px\"><\/div>[vc_column_text]<span style=\"font-family: 'Open Sans'; font-size: 18px;\">Les centres de production de <strong>GARCIA FAURA<\/strong> sont con\u00e7us comme des espaces de travail flexible, pouvant s&rsquo;adapter aux besoins de fabrication et aux lignes d&rsquo;assemblage sp\u00e9cifiques de chaque chantier.<\/span><\/p>\n<p class=\"p1\"><span style=\"font-family: 'Open Sans'; font-size: 18px;\">Nous disposons de machines sp\u00e9cialis\u00e9es et de logiciels sp\u00e9cifiques pour la fabrication de tous les mat\u00e9riaux que nous fournissons, avec une politique d&rsquo;investissements annuels con\u00e7ue pour continuer d&rsquo;\u00eatre les leaders dans la manipulation de l&rsquo;aluminium, le fer, l&rsquo;acier inoxydable et le verre.<\/span><\/p>\n[\/vc_column_text][\/vc_column][\/vc_row][vc_row full_width=\u00a0\u00bbstretch_row\u00a0\u00bb equal_height=\u00a0\u00bbyes\u00a0\u00bb typography_style=\u00a0\u00bblight\u00a0\u00bb][vc_column width=\u00a0\u00bb1\/3&Prime;]<div class=\"vcex-spacing\" style=\"height:30px\"><\/div>[vc_column_text]<span style=\"font-family: 'Open Sans'; font-size: 18px;\">Nous ateliers peuvent compter sur une \u00e9quipe de plus de 60 ouvriers qualifi\u00e9s de 1\u00e8re classe et sur la capacit\u00e9 organisationnelle n\u00e9cessaire pour moduler l&rsquo;augmentation de ressources en fonction du rythme de production.<\/span><\/p>\n<p><span style=\"font-family: 'Open Sans'; font-size: 18px;\">Avec une planification de travail structur\u00e9e, mais avec la flexibilit\u00e9 juste pour prendre en consid\u00e9ration les exigences quotidiennes.<\/span>[\/vc_column_text][\/vc_column][vc_column width=\u00a0\u00bb2\/3&Prime;]<div class=\"vcex-spacing\" style=\"height:30px\"><\/div>[vc_video link=\u00a0\u00bbhttps:\/\/vimeo.com\/342804912&Prime; align=\u00a0\u00bbcenter\u00a0\u00bb css=\u00a0\u00bb.vc_custom_1560796214525{border-top-width: 1px !important;border-right-width: 1px !important;border-bottom-width: 1px !important;border-left-width: 1px !important;border-left-color: #000000 !important;border-left-style: solid !important;border-right-color: #000000 !important;border-right-style: solid !important;border-top-color: #000000 !important;border-top-style: solid !important;border-bottom-color: #000000 !important;border-bottom-style: solid !important;}\u00a0\u00bb][\/vc_column][\/vc_row][vc_row full_width=\u00a0\u00bbstretch_row\u00a0\u00bb equal_height=\u00a0\u00bbyes\u00a0\u00bb typography_style=\u00a0\u00bblight\u00a0\u00bb css=\u00a0\u00bb.vc_custom_1671107903404{background-color: #ffffff !important;}\u00a0\u00bb][vc_column]<div class=\"vcex-spacing\" style=\"height:30px\"><\/div>[vc_column_text]<span style=\"font-size: 18px; font-family: 'Open Sans'; color: #000000;\">Au cours des derni\u00e8res ann\u00e9es, <strong>GARCIA FAURA<\/strong> a r\u00e9alis\u00e9 un plan de modernisation de l&rsquo;usine de fabrication de fa\u00e7ades, de murs-rideaux et de cl\u00f4tures de l&rsquo;entreprise. Un projet financ\u00e9 par le Ministerio de Ind\u00fastria, Comercio y Turismo, dans le cadre du <a style=\"color: #000000;\" href=\"https:\/\/www.mincotur.gob.es\/PortalAyudas\/RCI\/Paginas\/Index.aspx\" target=\"_blank\" rel=\"noopener\">Programme de r\u00e9industrialisation et de promotion de la comp\u00e9titivit\u00e9 industrielle.<\/a><\/span>[\/vc_column_text][vc_row_inner][vc_column_inner]<div class=\"vcex-spacing\" style=\"height:30px\"><\/div>[vc_single_image image=\u00a0\u00bb31143&Prime;][\/vc_column_inner][\/vc_row_inner][\/vc_column][\/vc_row]\n<\/div>","protected":false},"excerpt":{"rendered":"<p>[vc_row full_width=\u00a0\u00bbstretch_row\u00a0\u00bb content_placement=\u00a0\u00bbmiddle\u00a0\u00bb wpex_bg_overlay=\u00a0\u00bbcolor\u00a0\u00bb wpex_bg_overlay_color=\u00a0\u00bb#d9d9d9&Prime; wpex_bg_overlay_opacity=\u00a0\u00bb0.85&Prime;][vc_column][vc_column_text]Les centres de production de GARCIA FAURA sont con\u00e7us comme des espaces de travail flexible, pouvant s&rsquo;adapter aux besoins de fabrication et aux lignes d&rsquo;assemblage sp\u00e9cifiques de chaque chantier. Nous disposons de machines sp\u00e9cialis\u00e9es et&hellip;<\/p>\n","protected":false},"author":3,"featured_media":0,"parent":0,"menu_order":0,"comment_status":"closed","ping_status":"closed","template":"","meta":{"footnotes":""},"class_list":["post-20644","page","type-page","status-publish","hentry","entry","no-media"],"yoast_head":"<!-- This site is optimized with the Yoast SEO plugin v26.7 - https:\/\/yoast.com\/wordpress\/plugins\/seo\/ -->\n<title>Production - GARCIA FAURA<\/title>\n<meta name=\"description\" content=\"Arquitectura en Alumini, Inox, Ferro i Vidre\" \/>\n<meta name=\"robots\" content=\"index, follow, max-snippet:-1, max-image-preview:large, max-video-preview:-1\" \/>\n<link rel=\"canonical\" href=\"https:\/\/www.garciafaura.com\/fr\/production\/\" \/>\n<meta property=\"og:locale\" content=\"fr_FR\" \/>\n<meta property=\"og:type\" content=\"article\" \/>\n<meta property=\"og:title\" content=\"Production - GARCIA FAURA\" \/>\n<meta property=\"og:description\" content=\"Arquitectura en Alumini, Inox, Ferro i Vidre\" \/>\n<meta property=\"og:url\" content=\"https:\/\/www.garciafaura.com\/fr\/production\/\" \/>\n<meta property=\"og:site_name\" content=\"GARCIA FAURA\" \/>\n<meta property=\"article:modified_time\" content=\"2022-12-15T12:38:25+00:00\" \/>\n<meta name=\"twitter:card\" content=\"summary_large_image\" \/>\n<meta name=\"twitter:label1\" content=\"Dur\u00e9e de lecture estim\u00e9e\" \/>\n\t<meta name=\"twitter:data1\" content=\"2 minutes\" \/>\n<script type=\"application\/ld+json\" class=\"yoast-schema-graph\">{\"@context\":\"https:\/\/schema.org\",\"@graph\":[{\"@type\":\"WebPage\",\"@id\":\"https:\/\/www.garciafaura.com\/fr\/production\/\",\"url\":\"https:\/\/www.garciafaura.com\/fr\/production\/\",\"name\":\"Production - GARCIA FAURA\",\"isPartOf\":{\"@id\":\"https:\/\/www.garciafaura.com\/fr\/#website\"},\"datePublished\":\"2019-05-27T11:23:03+00:00\",\"dateModified\":\"2022-12-15T12:38:25+00:00\",\"description\":\"Arquitectura en Alumini, Inox, Ferro i Vidre\",\"breadcrumb\":{\"@id\":\"https:\/\/www.garciafaura.com\/fr\/production\/#breadcrumb\"},\"inLanguage\":\"fr-FR\",\"potentialAction\":[{\"@type\":\"ReadAction\",\"target\":[\"https:\/\/www.garciafaura.com\/fr\/production\/\"]}]},{\"@type\":\"BreadcrumbList\",\"@id\":\"https:\/\/www.garciafaura.com\/fr\/production\/#breadcrumb\",\"itemListElement\":[{\"@type\":\"ListItem\",\"position\":1,\"name\":\"Inici\",\"item\":\"https:\/\/www.garciafaura.com\/fr\/\"},{\"@type\":\"ListItem\",\"position\":2,\"name\":\"Production\"}]},{\"@type\":\"WebSite\",\"@id\":\"https:\/\/www.garciafaura.com\/fr\/#website\",\"url\":\"https:\/\/www.garciafaura.com\/fr\/\",\"name\":\"GARCIA FAURA\",\"description\":\"Arquitectura en Alumini, Inox, Ferro i Vidre\",\"publisher\":{\"@id\":\"https:\/\/www.garciafaura.com\/fr\/#organization\"},\"potentialAction\":[{\"@type\":\"SearchAction\",\"target\":{\"@type\":\"EntryPoint\",\"urlTemplate\":\"https:\/\/www.garciafaura.com\/fr\/?s={search_term_string}\"},\"query-input\":{\"@type\":\"PropertyValueSpecification\",\"valueRequired\":true,\"valueName\":\"search_term_string\"}}],\"inLanguage\":\"fr-FR\"},{\"@type\":\"Organization\",\"@id\":\"https:\/\/www.garciafaura.com\/fr\/#organization\",\"name\":\"GARCIA FAURA\",\"url\":\"https:\/\/www.garciafaura.com\/fr\/\",\"logo\":{\"@type\":\"ImageObject\",\"inLanguage\":\"fr-FR\",\"@id\":\"https:\/\/www.garciafaura.com\/fr\/#\/schema\/logo\/image\/\",\"url\":\"https:\/\/www.garciafaura.com\/wp-content\/uploads\/2018\/09\/Garcia-Faura.png\",\"contentUrl\":\"https:\/\/www.garciafaura.com\/wp-content\/uploads\/2018\/09\/Garcia-Faura.png\",\"width\":512,\"height\":512,\"caption\":\"GARCIA FAURA\"},\"image\":{\"@id\":\"https:\/\/www.garciafaura.com\/fr\/#\/schema\/logo\/image\/\"},\"sameAs\":[\"https:\/\/www.youtube.com\/user\/GARCIAFAURA\"]}]}<\/script>\n<!-- \/ Yoast SEO plugin. -->","yoast_head_json":{"title":"Production - GARCIA FAURA","description":"Arquitectura en Alumini, Inox, Ferro i Vidre","robots":{"index":"index","follow":"follow","max-snippet":"max-snippet:-1","max-image-preview":"max-image-preview:large","max-video-preview":"max-video-preview:-1"},"canonical":"https:\/\/www.garciafaura.com\/fr\/production\/","og_locale":"fr_FR","og_type":"article","og_title":"Production - GARCIA FAURA","og_description":"Arquitectura en Alumini, Inox, Ferro i Vidre","og_url":"https:\/\/www.garciafaura.com\/fr\/production\/","og_site_name":"GARCIA FAURA","article_modified_time":"2022-12-15T12:38:25+00:00","twitter_card":"summary_large_image","twitter_misc":{"Dur\u00e9e de lecture estim\u00e9e":"2 minutes"},"schema":{"@context":"https:\/\/schema.org","@graph":[{"@type":"WebPage","@id":"https:\/\/www.garciafaura.com\/fr\/production\/","url":"https:\/\/www.garciafaura.com\/fr\/production\/","name":"Production - GARCIA FAURA","isPartOf":{"@id":"https:\/\/www.garciafaura.com\/fr\/#website"},"datePublished":"2019-05-27T11:23:03+00:00","dateModified":"2022-12-15T12:38:25+00:00","description":"Arquitectura en Alumini, Inox, Ferro i Vidre","breadcrumb":{"@id":"https:\/\/www.garciafaura.com\/fr\/production\/#breadcrumb"},"inLanguage":"fr-FR","potentialAction":[{"@type":"ReadAction","target":["https:\/\/www.garciafaura.com\/fr\/production\/"]}]},{"@type":"BreadcrumbList","@id":"https:\/\/www.garciafaura.com\/fr\/production\/#breadcrumb","itemListElement":[{"@type":"ListItem","position":1,"name":"Inici","item":"https:\/\/www.garciafaura.com\/fr\/"},{"@type":"ListItem","position":2,"name":"Production"}]},{"@type":"WebSite","@id":"https:\/\/www.garciafaura.com\/fr\/#website","url":"https:\/\/www.garciafaura.com\/fr\/","name":"GARCIA FAURA","description":"Arquitectura en Alumini, Inox, Ferro i Vidre","publisher":{"@id":"https:\/\/www.garciafaura.com\/fr\/#organization"},"potentialAction":[{"@type":"SearchAction","target":{"@type":"EntryPoint","urlTemplate":"https:\/\/www.garciafaura.com\/fr\/?s={search_term_string}"},"query-input":{"@type":"PropertyValueSpecification","valueRequired":true,"valueName":"search_term_string"}}],"inLanguage":"fr-FR"},{"@type":"Organization","@id":"https:\/\/www.garciafaura.com\/fr\/#organization","name":"GARCIA FAURA","url":"https:\/\/www.garciafaura.com\/fr\/","logo":{"@type":"ImageObject","inLanguage":"fr-FR","@id":"https:\/\/www.garciafaura.com\/fr\/#\/schema\/logo\/image\/","url":"https:\/\/www.garciafaura.com\/wp-content\/uploads\/2018\/09\/Garcia-Faura.png","contentUrl":"https:\/\/www.garciafaura.com\/wp-content\/uploads\/2018\/09\/Garcia-Faura.png","width":512,"height":512,"caption":"GARCIA FAURA"},"image":{"@id":"https:\/\/www.garciafaura.com\/fr\/#\/schema\/logo\/image\/"},"sameAs":["https:\/\/www.youtube.com\/user\/GARCIAFAURA"]}]}},"_links":{"self":[{"href":"https:\/\/www.garciafaura.com\/fr\/wp-json\/wp\/v2\/pages\/20644","targetHints":{"allow":["GET"]}}],"collection":[{"href":"https:\/\/www.garciafaura.com\/fr\/wp-json\/wp\/v2\/pages"}],"about":[{"href":"https:\/\/www.garciafaura.com\/fr\/wp-json\/wp\/v2\/types\/page"}],"author":[{"embeddable":true,"href":"https:\/\/www.garciafaura.com\/fr\/wp-json\/wp\/v2\/users\/3"}],"replies":[{"embeddable":true,"href":"https:\/\/www.garciafaura.com\/fr\/wp-json\/wp\/v2\/comments?post=20644"}],"version-history":[{"count":5,"href":"https:\/\/www.garciafaura.com\/fr\/wp-json\/wp\/v2\/pages\/20644\/revisions"}],"predecessor-version":[{"id":31146,"href":"https:\/\/www.garciafaura.com\/fr\/wp-json\/wp\/v2\/pages\/20644\/revisions\/31146"}],"wp:attachment":[{"href":"https:\/\/www.garciafaura.com\/fr\/wp-json\/wp\/v2\/media?parent=20644"}],"curies":[{"name":"wp","href":"https:\/\/api.w.org\/{rel}","templated":true}]}}

<div class="wpb-content-wrapper">[vc_row full_width= »stretch_row » content_placement= »middle » wpex_bg_overlay= »color » wpex_bg_overlay_color= »#d9d9d9&Prime; wpex_bg_overlay_opacity= »0.85&Prime;][vc_column]<div class="vcex-spacing" style="height:30px"></div>[vc_column_text]<span style="font-family: 'Open Sans'; font-size: 18px;">Les centres de production de <strong>GARCIA FAURA</strong> sont conçus comme des espaces de travail flexible, pouvant s&rsquo;adapter aux besoins de fabrication et aux lignes d&rsquo;assemblage spécifiques de chaque chantier.</span></p>
<p class="p1"><span style="font-family: 'Open Sans'; font-size: 18px;">Nous disposons de machines spécialisées et de logiciels spécifiques pour la fabrication de tous les matériaux que nous fournissons, avec une politique d&rsquo;investissements annuels conçue pour continuer d&rsquo;être les leaders dans la manipulation de l&rsquo;aluminium, le fer, l&rsquo;acier inoxydable et le verre.</span></p>
[/vc_column_text][/vc_column][/vc_row][vc_row full_width= »stretch_row » equal_height= »yes » typography_style= »light »][vc_column width= »1/3&Prime;]<div class="vcex-spacing" style="height:30px"></div>[vc_column_text]<span style="font-family: 'Open Sans'; font-size: 18px;">Nous ateliers peuvent compter sur une équipe de plus de 60 ouvriers qualifiés de 1ère classe et sur la capacité organisationnelle nécessaire pour moduler l&rsquo;augmentation de ressources en fonction du rythme de production.</span></p>
<p><span style="font-family: 'Open Sans'; font-size: 18px;">Avec une planification de travail structurée, mais avec la flexibilité juste pour prendre en considération les exigences quotidiennes.</span>[/vc_column_text][/vc_column][vc_column width= »2/3&Prime;]<div class="vcex-spacing" style="height:30px"></div>[vc_video link= »https://vimeo.com/342804912&Prime; align= »center » css= ».vc_custom_1560796214525{border-top-width: 1px !important;border-right-width: 1px !important;border-bottom-width: 1px !important;border-left-width: 1px !important;border-left-color: #000000 !important;border-left-style: solid !important;border-right-color: #000000 !important;border-right-style: solid !important;border-top-color: #000000 !important;border-top-style: solid !important;border-bottom-color: #000000 !important;border-bottom-style: solid !important;} »][/vc_column][/vc_row][vc_row full_width= »stretch_row » equal_height= »yes » typography_style= »light » css= ».vc_custom_1671107903404{background-color: #ffffff !important;} »][vc_column]<div class="vcex-spacing" style="height:30px"></div>[vc_column_text]<span style="font-size: 18px; font-family: 'Open Sans'; color: #000000;">Au cours des dernières années, <strong>GARCIA FAURA</strong> a réalisé un plan de modernisation de l&rsquo;usine de fabrication de façades, de murs-rideaux et de clôtures de l&rsquo;entreprise. Un projet financé par le Ministerio de Indústria, Comercio y Turismo, dans le cadre du <a style="color: #000000;" href="https://www.mincotur.gob.es/PortalAyudas/RCI/Paginas/Index.aspx" target="_blank" rel="noopener">Programme de réindustrialisation et de promotion de la compétitivité industrielle.</a></span>[/vc_column_text][vc_row_inner][vc_column_inner]<div class="vcex-spacing" style="height:30px"></div>[vc_single_image image= »31143&Prime;][/vc_column_inner][/vc_row_inner][/vc_column][/vc_row]
</div>

<p>[vc_row full_width= »stretch_row » content_placement= »middle » wpex_bg_overlay= »color » wpex_bg_overlay_color= »#d9d9d9&Prime; wpex_bg_overlay_opacity= »0.85&Prime;][vc_column][vc_column_text]Les centres de production de GARCIA FAURA sont conçus comme des espaces de travail flexible, pouvant s&rsquo;adapter aux besoins de fabrication et aux lignes d&rsquo;assemblage spécifiques de chaque chantier. Nous disposons de machines spécialisées et&hellip;</p>

<!-- This site is optimized with the Yoast SEO plugin v26.7 - https://yoast.com/wordpress/plugins/seo/ -->
<title>Production - GARCIA FAURA</title>
<meta name="description" content="Arquitectura en Alumini, Inox, Ferro i Vidre" />
<meta name="robots" content="index, follow, max-snippet:-1, max-image-preview:large, max-video-preview:-1" />
<link rel="canonical" href="https://www.garciafaura.com/fr/production/" />
<meta property="og:locale" content="fr_FR" />
<meta property="og:type" content="article" />
<meta property="og:title" content="Production - GARCIA FAURA" />
<meta property="og:description" content="Arquitectura en Alumini, Inox, Ferro i Vidre" />
<meta property="og:url" content="https://www.garciafaura.com/fr/production/" />
<meta property="og:site_name" content="GARCIA FAURA" />
<meta property="article:modified_time" content="2022-12-15T12:38:25+00:00" />
<meta name="twitter:card" content="summary_large_image" />
<meta name="twitter:label1" content="Durée de lecture estimée" />
	<meta name="twitter:data1" content="2 minutes" />
<script type="application/ld+json" class="yoast-schema-graph">{"@context":"https://schema.org","@graph":[{"@type":"WebPage","@id":"https://www.garciafaura.com/fr/production/","url":"https://www.garciafaura.com/fr/production/","name":"Production - GARCIA FAURA","isPartOf":{"@id":"https://www.garciafaura.com/fr/#website"},"datePublished":"2019-05-27T11:23:03+00:00","dateModified":"2022-12-15T12:38:25+00:00","description":"Arquitectura en Alumini, Inox, Ferro i Vidre","breadcrumb":{"@id":"https://www.garciafaura.com/fr/production/#breadcrumb"},"inLanguage":"fr-FR","potentialAction":[{"@type":"ReadAction","target":["https://www.garciafaura.com/fr/production/"]}]},{"@type":"BreadcrumbList","@id":"https://www.garciafaura.com/fr/production/#breadcrumb","itemListElement":[{"@type":"ListItem","position":1,"name":"Inici","item":"https://www.garciafaura.com/fr/"},{"@type":"ListItem","position":2,"name":"Production"}]},{"@type":"WebSite","@id":"https://www.garciafaura.com/fr/#website","url":"https://www.garciafaura.com/fr/","name":"GARCIA FAURA","description":"Arquitectura en Alumini, Inox, Ferro i Vidre","publisher":{"@id":"https://www.garciafaura.com/fr/#organization"},"potentialAction":[{"@type":"SearchAction","target":{"@type":"EntryPoint","urlTemplate":"https://www.garciafaura.com/fr/?s={search_term_string}"},"query-input":{"@type":"PropertyValueSpecification","valueRequired":true,"valueName":"search_term_string"}}],"inLanguage":"fr-FR"},{"@type":"Organization","@id":"https://www.garciafaura.com/fr/#organization","name":"GARCIA FAURA","url":"https://www.garciafaura.com/fr/","logo":{"@type":"ImageObject","inLanguage":"fr-FR","@id":"https://www.garciafaura.com/fr/#/schema/logo/image/","url":"https://www.garciafaura.com/wp-content/uploads/2018/09/Garcia-Faura.png","contentUrl":"https://www.garciafaura.com/wp-content/uploads/2018/09/Garcia-Faura.png","width":512,"height":512,"caption":"GARCIA FAURA"},"image":{"@id":"https://www.garciafaura.com/fr/#/schema/logo/image/"},"sameAs":["https://www.youtube.com/user/GARCIAFAURA"]}]}</script>
<!-- / Yoast SEO plugin. -->
