{"id":20640,"date":"2019-05-27T11:23:00","date_gmt":"2019-05-27T11:23:00","guid":{"rendered":"https:\/\/www.garciafaura.com\/installation\/"},"modified":"2019-06-02T18:09:04","modified_gmt":"2019-06-02T18:09:04","slug":"installation","status":"publish","type":"page","link":"https:\/\/www.garciafaura.com\/fr\/installation\/","title":{"rendered":"Installation"},"content":{"rendered":"<div class=\"wpb-content-wrapper\">[vc_row full_width=\u00a0\u00bbstretch_row\u00a0\u00bb content_placement=\u00a0\u00bbmiddle\u00a0\u00bb wpex_bg_overlay=\u00a0\u00bbcolor\u00a0\u00bb wpex_bg_overlay_color=\u00a0\u00bb#d9d9d9&Prime; wpex_bg_overlay_opacity=\u00a0\u00bb0.85&Prime;][vc_column]<div class=\"vcex-spacing\" style=\"height:30px\"><\/div>[vc_column_text]<span style=\"font-family: 'Open Sans'; font-size: 18px;\">Chez <strong>GARCIA FAURA<\/strong>, nous installons tout ce que nous fabriquons. Une \u00e9quipe de Project Managers de haute qualification technique dirige plus de quarante directeurs des travaux qui coordonnent \u00e0 leur tour le travail des dizaines d&rsquo;installateurs dont dispose l&rsquo;entreprise dans tous les pays o\u00f9 elle d\u00e9veloppe ses projets.<\/span><\/p>\n<p><span style=\"font-family: 'Open Sans'; font-size: 18px;\">Une \u00e9quipe de professionnels poss\u00e9dant une longue exp\u00e9rience dans l&rsquo;installation de fa\u00e7ades et de fermetures qui travaille en coordination avec le Bureau Technique afin d&rsquo;assurer les objectifs techniques, logistiques et de qualit\u00e9 de chaque projet.<\/span>[\/vc_column_text][\/vc_column][\/vc_row][vc_row full_width=\u00a0\u00bbstretch_row\u00a0\u00bb equal_height=\u00a0\u00bbyes\u00a0\u00bb typography_style=\u00a0\u00bblight\u00a0\u00bb][vc_column width=\u00a0\u00bb2\/3&Prime;]<div class=\"vcex-spacing\" style=\"height:30px\"><\/div>[vc_video link=\u00a0\u00bbhttps:\/\/vimeo.com\/307257550&Prime; align=\u00a0\u00bbcenter\u00a0\u00bb css=\u00a0\u00bb.vc_custom_1545224287183{border-top-width: 1px !important;border-right-width: 1px !important;border-bottom-width: 1px !important;border-left-width: 1px !important;border-left-color: #000000 !important;border-left-style: solid !important;border-right-color: #000000 !important;border-right-style: solid !important;border-top-color: #000000 !important;border-top-style: solid !important;border-bottom-color: #000000 !important;border-bottom-style: solid !important;}\u00a0\u00bb][\/vc_column][vc_column width=\u00a0\u00bb1\/3&Prime;]<div class=\"vcex-spacing\" style=\"height:30px\"><\/div>[vc_column_text]\n<p class=\"p1\"><span style=\"font-family: 'Open Sans'; font-size: 18px;\"><strong>GARCIA FAURA <\/strong>ex\u00e9cute chaque ann\u00e9e plus de 100 projets de constructions dans les diff\u00e9rents pays o\u00f9 elle est implant\u00e9e. La plupart d&rsquo;entre eux se distinguent par leur haut niveau de sp\u00e9cialisation technique et l&rsquo;originalit\u00e9 de leur conception. <\/span><\/p>\n<p class=\"p1\"><span style=\"font-family: 'Open Sans'; font-size: 18px;\">Une trajectoire \u00e0 la hauteur des exigences de nos clients.<\/span><\/p>\n[\/vc_column_text][\/vc_column][\/vc_row]\n<\/div>","protected":false},"excerpt":{"rendered":"<p>[vc_row full_width=\u00a0\u00bbstretch_row\u00a0\u00bb content_placement=\u00a0\u00bbmiddle\u00a0\u00bb wpex_bg_overlay=\u00a0\u00bbcolor\u00a0\u00bb wpex_bg_overlay_color=\u00a0\u00bb#d9d9d9&Prime; wpex_bg_overlay_opacity=\u00a0\u00bb0.85&Prime;][vc_column][vc_column_text]Chez GARCIA FAURA, nous installons tout ce que nous fabriquons. Une \u00e9quipe de Project Managers de haute qualification technique dirige plus de quarante directeurs des travaux qui coordonnent \u00e0 leur tour le travail des dizaines&hellip;<\/p>\n","protected":false},"author":3,"featured_media":0,"parent":0,"menu_order":0,"comment_status":"closed","ping_status":"closed","template":"","meta":{"footnotes":""},"class_list":["post-20640","page","type-page","status-publish","hentry","entry","no-media"],"yoast_head":"<!-- This site is optimized with the Yoast SEO plugin v26.7 - https:\/\/yoast.com\/wordpress\/plugins\/seo\/ -->\n<title>Installation - GARCIA FAURA<\/title>\n<meta name=\"description\" content=\"Arquitectura en Alumini, Inox, Ferro i Vidre\" \/>\n<meta name=\"robots\" content=\"index, follow, max-snippet:-1, max-image-preview:large, max-video-preview:-1\" \/>\n<link rel=\"canonical\" href=\"https:\/\/www.garciafaura.com\/fr\/installation\/\" \/>\n<meta property=\"og:locale\" content=\"fr_FR\" \/>\n<meta property=\"og:type\" content=\"article\" \/>\n<meta property=\"og:title\" content=\"Installation - GARCIA FAURA\" \/>\n<meta property=\"og:description\" content=\"Arquitectura en Alumini, Inox, Ferro i Vidre\" \/>\n<meta property=\"og:url\" content=\"https:\/\/www.garciafaura.com\/fr\/installation\/\" \/>\n<meta property=\"og:site_name\" content=\"GARCIA FAURA\" \/>\n<meta property=\"article:modified_time\" content=\"2019-06-02T18:09:04+00:00\" \/>\n<meta name=\"twitter:card\" content=\"summary_large_image\" \/>\n<meta name=\"twitter:label1\" content=\"Dur\u00e9e de lecture estim\u00e9e\" \/>\n\t<meta name=\"twitter:data1\" content=\"1 minute\" \/>\n<script type=\"application\/ld+json\" class=\"yoast-schema-graph\">{\"@context\":\"https:\/\/schema.org\",\"@graph\":[{\"@type\":\"WebPage\",\"@id\":\"https:\/\/www.garciafaura.com\/fr\/installation\/\",\"url\":\"https:\/\/www.garciafaura.com\/fr\/installation\/\",\"name\":\"Installation - GARCIA FAURA\",\"isPartOf\":{\"@id\":\"https:\/\/www.garciafaura.com\/fr\/#website\"},\"datePublished\":\"2019-05-27T11:23:00+00:00\",\"dateModified\":\"2019-06-02T18:09:04+00:00\",\"description\":\"Arquitectura en Alumini, Inox, Ferro i Vidre\",\"breadcrumb\":{\"@id\":\"https:\/\/www.garciafaura.com\/fr\/installation\/#breadcrumb\"},\"inLanguage\":\"fr-FR\",\"potentialAction\":[{\"@type\":\"ReadAction\",\"target\":[\"https:\/\/www.garciafaura.com\/fr\/installation\/\"]}]},{\"@type\":\"BreadcrumbList\",\"@id\":\"https:\/\/www.garciafaura.com\/fr\/installation\/#breadcrumb\",\"itemListElement\":[{\"@type\":\"ListItem\",\"position\":1,\"name\":\"Inici\",\"item\":\"https:\/\/www.garciafaura.com\/fr\/\"},{\"@type\":\"ListItem\",\"position\":2,\"name\":\"Installation\"}]},{\"@type\":\"WebSite\",\"@id\":\"https:\/\/www.garciafaura.com\/fr\/#website\",\"url\":\"https:\/\/www.garciafaura.com\/fr\/\",\"name\":\"GARCIA FAURA\",\"description\":\"Arquitectura en Alumini, Inox, Ferro i Vidre\",\"publisher\":{\"@id\":\"https:\/\/www.garciafaura.com\/fr\/#organization\"},\"potentialAction\":[{\"@type\":\"SearchAction\",\"target\":{\"@type\":\"EntryPoint\",\"urlTemplate\":\"https:\/\/www.garciafaura.com\/fr\/?s={search_term_string}\"},\"query-input\":{\"@type\":\"PropertyValueSpecification\",\"valueRequired\":true,\"valueName\":\"search_term_string\"}}],\"inLanguage\":\"fr-FR\"},{\"@type\":\"Organization\",\"@id\":\"https:\/\/www.garciafaura.com\/fr\/#organization\",\"name\":\"GARCIA FAURA\",\"url\":\"https:\/\/www.garciafaura.com\/fr\/\",\"logo\":{\"@type\":\"ImageObject\",\"inLanguage\":\"fr-FR\",\"@id\":\"https:\/\/www.garciafaura.com\/fr\/#\/schema\/logo\/image\/\",\"url\":\"https:\/\/www.garciafaura.com\/wp-content\/uploads\/2018\/09\/Garcia-Faura.png\",\"contentUrl\":\"https:\/\/www.garciafaura.com\/wp-content\/uploads\/2018\/09\/Garcia-Faura.png\",\"width\":512,\"height\":512,\"caption\":\"GARCIA FAURA\"},\"image\":{\"@id\":\"https:\/\/www.garciafaura.com\/fr\/#\/schema\/logo\/image\/\"},\"sameAs\":[\"https:\/\/www.youtube.com\/user\/GARCIAFAURA\"]}]}<\/script>\n<!-- \/ Yoast SEO plugin. -->","yoast_head_json":{"title":"Installation - GARCIA FAURA","description":"Arquitectura en Alumini, Inox, Ferro i Vidre","robots":{"index":"index","follow":"follow","max-snippet":"max-snippet:-1","max-image-preview":"max-image-preview:large","max-video-preview":"max-video-preview:-1"},"canonical":"https:\/\/www.garciafaura.com\/fr\/installation\/","og_locale":"fr_FR","og_type":"article","og_title":"Installation - GARCIA FAURA","og_description":"Arquitectura en Alumini, Inox, Ferro i Vidre","og_url":"https:\/\/www.garciafaura.com\/fr\/installation\/","og_site_name":"GARCIA FAURA","article_modified_time":"2019-06-02T18:09:04+00:00","twitter_card":"summary_large_image","twitter_misc":{"Dur\u00e9e de lecture estim\u00e9e":"1 minute"},"schema":{"@context":"https:\/\/schema.org","@graph":[{"@type":"WebPage","@id":"https:\/\/www.garciafaura.com\/fr\/installation\/","url":"https:\/\/www.garciafaura.com\/fr\/installation\/","name":"Installation - GARCIA FAURA","isPartOf":{"@id":"https:\/\/www.garciafaura.com\/fr\/#website"},"datePublished":"2019-05-27T11:23:00+00:00","dateModified":"2019-06-02T18:09:04+00:00","description":"Arquitectura en Alumini, Inox, Ferro i Vidre","breadcrumb":{"@id":"https:\/\/www.garciafaura.com\/fr\/installation\/#breadcrumb"},"inLanguage":"fr-FR","potentialAction":[{"@type":"ReadAction","target":["https:\/\/www.garciafaura.com\/fr\/installation\/"]}]},{"@type":"BreadcrumbList","@id":"https:\/\/www.garciafaura.com\/fr\/installation\/#breadcrumb","itemListElement":[{"@type":"ListItem","position":1,"name":"Inici","item":"https:\/\/www.garciafaura.com\/fr\/"},{"@type":"ListItem","position":2,"name":"Installation"}]},{"@type":"WebSite","@id":"https:\/\/www.garciafaura.com\/fr\/#website","url":"https:\/\/www.garciafaura.com\/fr\/","name":"GARCIA FAURA","description":"Arquitectura en Alumini, Inox, Ferro i Vidre","publisher":{"@id":"https:\/\/www.garciafaura.com\/fr\/#organization"},"potentialAction":[{"@type":"SearchAction","target":{"@type":"EntryPoint","urlTemplate":"https:\/\/www.garciafaura.com\/fr\/?s={search_term_string}"},"query-input":{"@type":"PropertyValueSpecification","valueRequired":true,"valueName":"search_term_string"}}],"inLanguage":"fr-FR"},{"@type":"Organization","@id":"https:\/\/www.garciafaura.com\/fr\/#organization","name":"GARCIA FAURA","url":"https:\/\/www.garciafaura.com\/fr\/","logo":{"@type":"ImageObject","inLanguage":"fr-FR","@id":"https:\/\/www.garciafaura.com\/fr\/#\/schema\/logo\/image\/","url":"https:\/\/www.garciafaura.com\/wp-content\/uploads\/2018\/09\/Garcia-Faura.png","contentUrl":"https:\/\/www.garciafaura.com\/wp-content\/uploads\/2018\/09\/Garcia-Faura.png","width":512,"height":512,"caption":"GARCIA FAURA"},"image":{"@id":"https:\/\/www.garciafaura.com\/fr\/#\/schema\/logo\/image\/"},"sameAs":["https:\/\/www.youtube.com\/user\/GARCIAFAURA"]}]}},"_links":{"self":[{"href":"https:\/\/www.garciafaura.com\/fr\/wp-json\/wp\/v2\/pages\/20640","targetHints":{"allow":["GET"]}}],"collection":[{"href":"https:\/\/www.garciafaura.com\/fr\/wp-json\/wp\/v2\/pages"}],"about":[{"href":"https:\/\/www.garciafaura.com\/fr\/wp-json\/wp\/v2\/types\/page"}],"author":[{"embeddable":true,"href":"https:\/\/www.garciafaura.com\/fr\/wp-json\/wp\/v2\/users\/3"}],"replies":[{"embeddable":true,"href":"https:\/\/www.garciafaura.com\/fr\/wp-json\/wp\/v2\/comments?post=20640"}],"version-history":[{"count":1,"href":"https:\/\/www.garciafaura.com\/fr\/wp-json\/wp\/v2\/pages\/20640\/revisions"}],"predecessor-version":[{"id":20641,"href":"https:\/\/www.garciafaura.com\/fr\/wp-json\/wp\/v2\/pages\/20640\/revisions\/20641"}],"wp:attachment":[{"href":"https:\/\/www.garciafaura.com\/fr\/wp-json\/wp\/v2\/media?parent=20640"}],"curies":[{"name":"wp","href":"https:\/\/api.w.org\/{rel}","templated":true}]}}

<div class="wpb-content-wrapper">[vc_row full_width= »stretch_row » content_placement= »middle » wpex_bg_overlay= »color » wpex_bg_overlay_color= »#d9d9d9&Prime; wpex_bg_overlay_opacity= »0.85&Prime;][vc_column]<div class="vcex-spacing" style="height:30px"></div>[vc_column_text]<span style="font-family: 'Open Sans'; font-size: 18px;">Chez <strong>GARCIA FAURA</strong>, nous installons tout ce que nous fabriquons. Une équipe de Project Managers de haute qualification technique dirige plus de quarante directeurs des travaux qui coordonnent à leur tour le travail des dizaines d&rsquo;installateurs dont dispose l&rsquo;entreprise dans tous les pays où elle développe ses projets.</span></p>
<p><span style="font-family: 'Open Sans'; font-size: 18px;">Une équipe de professionnels possédant une longue expérience dans l&rsquo;installation de façades et de fermetures qui travaille en coordination avec le Bureau Technique afin d&rsquo;assurer les objectifs techniques, logistiques et de qualité de chaque projet.</span>[/vc_column_text][/vc_column][/vc_row][vc_row full_width= »stretch_row » equal_height= »yes » typography_style= »light »][vc_column width= »2/3&Prime;]<div class="vcex-spacing" style="height:30px"></div>[vc_video link= »https://vimeo.com/307257550&Prime; align= »center » css= ».vc_custom_1545224287183{border-top-width: 1px !important;border-right-width: 1px !important;border-bottom-width: 1px !important;border-left-width: 1px !important;border-left-color: #000000 !important;border-left-style: solid !important;border-right-color: #000000 !important;border-right-style: solid !important;border-top-color: #000000 !important;border-top-style: solid !important;border-bottom-color: #000000 !important;border-bottom-style: solid !important;} »][/vc_column][vc_column width= »1/3&Prime;]<div class="vcex-spacing" style="height:30px"></div>[vc_column_text]
<p class="p1"><span style="font-family: 'Open Sans'; font-size: 18px;"><strong>GARCIA FAURA </strong>exécute chaque année plus de 100 projets de constructions dans les différents pays où elle est implantée. La plupart d&rsquo;entre eux se distinguent par leur haut niveau de spécialisation technique et l&rsquo;originalité de leur conception. </span></p>
<p class="p1"><span style="font-family: 'Open Sans'; font-size: 18px;">Une trajectoire à la hauteur des exigences de nos clients.</span></p>
[/vc_column_text][/vc_column][/vc_row]
</div>

<p>[vc_row full_width= »stretch_row » content_placement= »middle » wpex_bg_overlay= »color » wpex_bg_overlay_color= »#d9d9d9&Prime; wpex_bg_overlay_opacity= »0.85&Prime;][vc_column][vc_column_text]Chez GARCIA FAURA, nous installons tout ce que nous fabriquons. Une équipe de Project Managers de haute qualification technique dirige plus de quarante directeurs des travaux qui coordonnent à leur tour le travail des dizaines&hellip;</p>

<!-- This site is optimized with the Yoast SEO plugin v26.7 - https://yoast.com/wordpress/plugins/seo/ -->
<title>Installation - GARCIA FAURA</title>
<meta name="description" content="Arquitectura en Alumini, Inox, Ferro i Vidre" />
<meta name="robots" content="index, follow, max-snippet:-1, max-image-preview:large, max-video-preview:-1" />
<link rel="canonical" href="https://www.garciafaura.com/fr/installation/" />
<meta property="og:locale" content="fr_FR" />
<meta property="og:type" content="article" />
<meta property="og:title" content="Installation - GARCIA FAURA" />
<meta property="og:description" content="Arquitectura en Alumini, Inox, Ferro i Vidre" />
<meta property="og:url" content="https://www.garciafaura.com/fr/installation/" />
<meta property="og:site_name" content="GARCIA FAURA" />
<meta property="article:modified_time" content="2019-06-02T18:09:04+00:00" />
<meta name="twitter:card" content="summary_large_image" />
<meta name="twitter:label1" content="Durée de lecture estimée" />
	<meta name="twitter:data1" content="1 minute" />
<script type="application/ld+json" class="yoast-schema-graph">{"@context":"https://schema.org","@graph":[{"@type":"WebPage","@id":"https://www.garciafaura.com/fr/installation/","url":"https://www.garciafaura.com/fr/installation/","name":"Installation - GARCIA FAURA","isPartOf":{"@id":"https://www.garciafaura.com/fr/#website"},"datePublished":"2019-05-27T11:23:00+00:00","dateModified":"2019-06-02T18:09:04+00:00","description":"Arquitectura en Alumini, Inox, Ferro i Vidre","breadcrumb":{"@id":"https://www.garciafaura.com/fr/installation/#breadcrumb"},"inLanguage":"fr-FR","potentialAction":[{"@type":"ReadAction","target":["https://www.garciafaura.com/fr/installation/"]}]},{"@type":"BreadcrumbList","@id":"https://www.garciafaura.com/fr/installation/#breadcrumb","itemListElement":[{"@type":"ListItem","position":1,"name":"Inici","item":"https://www.garciafaura.com/fr/"},{"@type":"ListItem","position":2,"name":"Installation"}]},{"@type":"WebSite","@id":"https://www.garciafaura.com/fr/#website","url":"https://www.garciafaura.com/fr/","name":"GARCIA FAURA","description":"Arquitectura en Alumini, Inox, Ferro i Vidre","publisher":{"@id":"https://www.garciafaura.com/fr/#organization"},"potentialAction":[{"@type":"SearchAction","target":{"@type":"EntryPoint","urlTemplate":"https://www.garciafaura.com/fr/?s={search_term_string}"},"query-input":{"@type":"PropertyValueSpecification","valueRequired":true,"valueName":"search_term_string"}}],"inLanguage":"fr-FR"},{"@type":"Organization","@id":"https://www.garciafaura.com/fr/#organization","name":"GARCIA FAURA","url":"https://www.garciafaura.com/fr/","logo":{"@type":"ImageObject","inLanguage":"fr-FR","@id":"https://www.garciafaura.com/fr/#/schema/logo/image/","url":"https://www.garciafaura.com/wp-content/uploads/2018/09/Garcia-Faura.png","contentUrl":"https://www.garciafaura.com/wp-content/uploads/2018/09/Garcia-Faura.png","width":512,"height":512,"caption":"GARCIA FAURA"},"image":{"@id":"https://www.garciafaura.com/fr/#/schema/logo/image/"},"sameAs":["https://www.youtube.com/user/GARCIAFAURA"]}]}</script>
<!-- / Yoast SEO plugin. -->
