{"id":20630,"date":"2019-05-27T11:22:57","date_gmt":"2019-05-27T11:22:57","guid":{"rendered":"https:\/\/www.garciafaura.com\/division-apres-vente\/"},"modified":"2019-06-02T19:57:44","modified_gmt":"2019-06-02T19:57:44","slug":"division-apres-vente","status":"publish","type":"page","link":"https:\/\/www.garciafaura.com\/fr\/division-apres-vente\/","title":{"rendered":"Division Apr\u00e8s-vente"},"content":{"rendered":"<div class=\"wpb-content-wrapper\">[vc_row full_width=\u00a0\u00bbstretch_row\u00a0\u00bb content_placement=\u00a0\u00bbmiddle\u00a0\u00bb typography_style=\u00a0\u00bbwhite\u00a0\u00bb wpex_bg_overlay=\u00a0\u00bbcolor\u00a0\u00bb wpex_bg_overlay_color=\u00a0\u00bb#000000&Prime; wpex_bg_overlay_opacity=\u00a0\u00bb0.85&Prime;][vc_column width=\u00a0\u00bb1\/2&Prime;]<div class=\"vcex-spacing\" style=\"height:30px\"><\/div>[vc_column_text]<span style=\"font-family: 'Open Sans'; font-size: 18px;\">Notre rapport avec le client ne s&rsquo;ach\u00e8ve pas lorsque les travaux sont termin\u00e9s. Nous garantissons une satisfaction maximale avec nos services et produits pendant toute la p\u00e9riode de validit\u00e9 de la garantie et au-del\u00e0.<\/span><\/p>\n<p><span style=\"font-family: 'Open Sans'; font-size: 18px;\">C&rsquo;est la raison pour laquelle nous disposons d&rsquo;un <strong>service apr\u00e8s-vente qualifi\u00e9 et hautement appr\u00e9ci\u00e9 des utilisateurs<\/strong>. Nous comptons une \u00e9quipe de professionnels ayant une large exp\u00e9rience dans le secteur et dispos\u00e9s \u00e0 r\u00e9soudre n&rsquo;importe quel probl\u00e8me et \u00e0 travailler avec ardeur pour le bien-\u00eatre et le confort de l&rsquo;utilisateur final.<\/span><\/p>\n<p><span style=\"font-family: 'Open Sans'; font-size: 18px;\"><strong>En effet, les destinataires de notre travail sont, plus que des clients, des personnes.<\/strong> <\/span>[\/vc_column_text][\/vc_column][vc_column width=\u00a0\u00bb1\/2&Prime;]<div class=\"vcex-spacing\" style=\"height:30px\"><\/div><h2 class=\"vcex-module vcex-heading vcex-heading-bottom-border-w-color\" style=\"color:#ffffff;\"><span class=\"vcex-heading-inner clr\" style=\"border-color:#d7515e;\">Les engagements de GARCIA FAURA<\/span><\/h2><div class=\"vcex-spacing\" style=\"height:15px\"><\/div>[vc_column_text]\n<ul>\n<li><span style=\"font-family: 'Open Sans'; font-size: 18px;\">Nous garantissons une bonne fonctionnalit\u00e9 et durabilit\u00e9 de tout ce que nous fabriquons et installons.<\/span><\/li>\n<li><span style=\"font-family: 'Open Sans'; font-size: 18px;\">M\u00eame si nous ne disposons pas de service d&rsquo;urgence, nous travaillons avec des d\u00e9lais d&rsquo;assistance comp\u00e9titifs.<\/span><\/li>\n<li><span style=\"font-family: 'Open Sans'; font-size: 18px;\">Nous avons une \u00e9quipe qualifi\u00e9e et form\u00e9e aux principaux profil\u00e9s du march\u00e9.<\/span><\/li>\n<li><span style=\"font-family: 'Open Sans'; font-size: 18px;\">Nous modifions, r\u00e9parons ou rempla\u00e7ons des fermetures fabriqu\u00e9es ou install\u00e9es par des tiers.<\/span><\/li>\n<li><span style=\"font-family: 'Open Sans'; font-size: 18px;\">Nous disposons d&rsquo;un ample stock d&rsquo;accessoires et de dispositifs de rechange qui r\u00e9duisent les d\u00e9lais de r\u00e9paration.<\/span><\/li>\n<li><span style=\"font-family: 'Open Sans'; font-size: 18px;\">Nous vous conseillons sur la mani\u00e8re d&rsquo;exploiter au maximum les fermetures existantes.<\/span><\/li>\n<\/ul>\n[\/vc_column_text][\/vc_column][\/vc_row][vc_row full_width=\u00a0\u00bbstretch_row\u00a0\u00bb content_placement=\u00a0\u00bbmiddle\u00a0\u00bb wpex_bg_overlay=\u00a0\u00bbcolor\u00a0\u00bb wpex_bg_overlay_color=\u00a0\u00bb#000000&Prime; wpex_bg_overlay_opacity=\u00a0\u00bb0.85&Prime;][vc_column width=\u00a0\u00bb1\/2&Prime;][\/vc_column][vc_column width=\u00a0\u00bb1\/2&Prime;]<div class=\"vcex-spacing\" style=\"height:30px\"><\/div><div class=\"textcenter theme-button-expanded-wrap theme-button-wrap clr\"><a href=\"mailto:avisos@garciafaura.com\" title=\"Contacta amb Postvenda\" class=\"vcex-button theme-button large align-center expanded animate-on-hover expanded\" target=\"_blank\" style=\"background:#d7515e;\"><span class=\"theme-button-inner\">Contactez le Service apr\u00e8s-vente<\/span><\/a><\/div> [\/vc_column][\/vc_row]\n<\/div>","protected":false},"excerpt":{"rendered":"<p>[vc_row full_width=\u00a0\u00bbstretch_row\u00a0\u00bb content_placement=\u00a0\u00bbmiddle\u00a0\u00bb typography_style=\u00a0\u00bbwhite\u00a0\u00bb wpex_bg_overlay=\u00a0\u00bbcolor\u00a0\u00bb wpex_bg_overlay_color=\u00a0\u00bb#000000&Prime; wpex_bg_overlay_opacity=\u00a0\u00bb0.85&Prime;][vc_column width=\u00a0\u00bb1\/2&Prime;][vc_column_text]Notre rapport avec le client ne s&rsquo;ach\u00e8ve pas lorsque les travaux sont termin\u00e9s. Nous garantissons une satisfaction maximale avec nos services et produits pendant toute la p\u00e9riode de validit\u00e9 de la garantie et&hellip;<\/p>\n","protected":false},"author":3,"featured_media":0,"parent":0,"menu_order":0,"comment_status":"closed","ping_status":"closed","template":"","meta":{"footnotes":""},"class_list":["post-20630","page","type-page","status-publish","hentry","entry","no-media"],"yoast_head":"<!-- This site is optimized with the Yoast SEO plugin v26.7 - https:\/\/yoast.com\/wordpress\/plugins\/seo\/ -->\n<title>Division Apr\u00e8s-vente - GARCIA FAURA<\/title>\n<meta name=\"description\" content=\"Arquitectura en Alumini, Inox, Ferro i Vidre\" \/>\n<meta name=\"robots\" content=\"index, follow, max-snippet:-1, max-image-preview:large, max-video-preview:-1\" \/>\n<link rel=\"canonical\" href=\"https:\/\/www.garciafaura.com\/fr\/division-apres-vente\/\" \/>\n<meta property=\"og:locale\" content=\"fr_FR\" \/>\n<meta property=\"og:type\" content=\"article\" \/>\n<meta property=\"og:title\" content=\"Division Apr\u00e8s-vente - GARCIA FAURA\" \/>\n<meta property=\"og:description\" content=\"Arquitectura en Alumini, Inox, Ferro i Vidre\" \/>\n<meta property=\"og:url\" content=\"https:\/\/www.garciafaura.com\/fr\/division-apres-vente\/\" \/>\n<meta property=\"og:site_name\" content=\"GARCIA FAURA\" \/>\n<meta property=\"article:modified_time\" content=\"2019-06-02T19:57:44+00:00\" \/>\n<meta name=\"twitter:card\" content=\"summary_large_image\" \/>\n<meta name=\"twitter:label1\" content=\"Dur\u00e9e de lecture estim\u00e9e\" \/>\n\t<meta name=\"twitter:data1\" content=\"2 minutes\" \/>\n<script type=\"application\/ld+json\" class=\"yoast-schema-graph\">{\"@context\":\"https:\/\/schema.org\",\"@graph\":[{\"@type\":\"WebPage\",\"@id\":\"https:\/\/www.garciafaura.com\/fr\/division-apres-vente\/\",\"url\":\"https:\/\/www.garciafaura.com\/fr\/division-apres-vente\/\",\"name\":\"Division Apr\u00e8s-vente - GARCIA FAURA\",\"isPartOf\":{\"@id\":\"https:\/\/www.garciafaura.com\/fr\/#website\"},\"datePublished\":\"2019-05-27T11:22:57+00:00\",\"dateModified\":\"2019-06-02T19:57:44+00:00\",\"description\":\"Arquitectura en Alumini, Inox, Ferro i Vidre\",\"breadcrumb\":{\"@id\":\"https:\/\/www.garciafaura.com\/fr\/division-apres-vente\/#breadcrumb\"},\"inLanguage\":\"fr-FR\",\"potentialAction\":[{\"@type\":\"ReadAction\",\"target\":[\"https:\/\/www.garciafaura.com\/fr\/division-apres-vente\/\"]}]},{\"@type\":\"BreadcrumbList\",\"@id\":\"https:\/\/www.garciafaura.com\/fr\/division-apres-vente\/#breadcrumb\",\"itemListElement\":[{\"@type\":\"ListItem\",\"position\":1,\"name\":\"Inici\",\"item\":\"https:\/\/www.garciafaura.com\/fr\/\"},{\"@type\":\"ListItem\",\"position\":2,\"name\":\"Division Apr\u00e8s-vente\"}]},{\"@type\":\"WebSite\",\"@id\":\"https:\/\/www.garciafaura.com\/fr\/#website\",\"url\":\"https:\/\/www.garciafaura.com\/fr\/\",\"name\":\"GARCIA FAURA\",\"description\":\"Arquitectura en Alumini, Inox, Ferro i Vidre\",\"publisher\":{\"@id\":\"https:\/\/www.garciafaura.com\/fr\/#organization\"},\"potentialAction\":[{\"@type\":\"SearchAction\",\"target\":{\"@type\":\"EntryPoint\",\"urlTemplate\":\"https:\/\/www.garciafaura.com\/fr\/?s={search_term_string}\"},\"query-input\":{\"@type\":\"PropertyValueSpecification\",\"valueRequired\":true,\"valueName\":\"search_term_string\"}}],\"inLanguage\":\"fr-FR\"},{\"@type\":\"Organization\",\"@id\":\"https:\/\/www.garciafaura.com\/fr\/#organization\",\"name\":\"GARCIA FAURA\",\"url\":\"https:\/\/www.garciafaura.com\/fr\/\",\"logo\":{\"@type\":\"ImageObject\",\"inLanguage\":\"fr-FR\",\"@id\":\"https:\/\/www.garciafaura.com\/fr\/#\/schema\/logo\/image\/\",\"url\":\"https:\/\/www.garciafaura.com\/wp-content\/uploads\/2018\/09\/Garcia-Faura.png\",\"contentUrl\":\"https:\/\/www.garciafaura.com\/wp-content\/uploads\/2018\/09\/Garcia-Faura.png\",\"width\":512,\"height\":512,\"caption\":\"GARCIA FAURA\"},\"image\":{\"@id\":\"https:\/\/www.garciafaura.com\/fr\/#\/schema\/logo\/image\/\"},\"sameAs\":[\"https:\/\/www.youtube.com\/user\/GARCIAFAURA\"]}]}<\/script>\n<!-- \/ Yoast SEO plugin. -->","yoast_head_json":{"title":"Division Apr\u00e8s-vente - GARCIA FAURA","description":"Arquitectura en Alumini, Inox, Ferro i Vidre","robots":{"index":"index","follow":"follow","max-snippet":"max-snippet:-1","max-image-preview":"max-image-preview:large","max-video-preview":"max-video-preview:-1"},"canonical":"https:\/\/www.garciafaura.com\/fr\/division-apres-vente\/","og_locale":"fr_FR","og_type":"article","og_title":"Division Apr\u00e8s-vente - GARCIA FAURA","og_description":"Arquitectura en Alumini, Inox, Ferro i Vidre","og_url":"https:\/\/www.garciafaura.com\/fr\/division-apres-vente\/","og_site_name":"GARCIA FAURA","article_modified_time":"2019-06-02T19:57:44+00:00","twitter_card":"summary_large_image","twitter_misc":{"Dur\u00e9e de lecture estim\u00e9e":"2 minutes"},"schema":{"@context":"https:\/\/schema.org","@graph":[{"@type":"WebPage","@id":"https:\/\/www.garciafaura.com\/fr\/division-apres-vente\/","url":"https:\/\/www.garciafaura.com\/fr\/division-apres-vente\/","name":"Division Apr\u00e8s-vente - GARCIA FAURA","isPartOf":{"@id":"https:\/\/www.garciafaura.com\/fr\/#website"},"datePublished":"2019-05-27T11:22:57+00:00","dateModified":"2019-06-02T19:57:44+00:00","description":"Arquitectura en Alumini, Inox, Ferro i Vidre","breadcrumb":{"@id":"https:\/\/www.garciafaura.com\/fr\/division-apres-vente\/#breadcrumb"},"inLanguage":"fr-FR","potentialAction":[{"@type":"ReadAction","target":["https:\/\/www.garciafaura.com\/fr\/division-apres-vente\/"]}]},{"@type":"BreadcrumbList","@id":"https:\/\/www.garciafaura.com\/fr\/division-apres-vente\/#breadcrumb","itemListElement":[{"@type":"ListItem","position":1,"name":"Inici","item":"https:\/\/www.garciafaura.com\/fr\/"},{"@type":"ListItem","position":2,"name":"Division Apr\u00e8s-vente"}]},{"@type":"WebSite","@id":"https:\/\/www.garciafaura.com\/fr\/#website","url":"https:\/\/www.garciafaura.com\/fr\/","name":"GARCIA FAURA","description":"Arquitectura en Alumini, Inox, Ferro i Vidre","publisher":{"@id":"https:\/\/www.garciafaura.com\/fr\/#organization"},"potentialAction":[{"@type":"SearchAction","target":{"@type":"EntryPoint","urlTemplate":"https:\/\/www.garciafaura.com\/fr\/?s={search_term_string}"},"query-input":{"@type":"PropertyValueSpecification","valueRequired":true,"valueName":"search_term_string"}}],"inLanguage":"fr-FR"},{"@type":"Organization","@id":"https:\/\/www.garciafaura.com\/fr\/#organization","name":"GARCIA FAURA","url":"https:\/\/www.garciafaura.com\/fr\/","logo":{"@type":"ImageObject","inLanguage":"fr-FR","@id":"https:\/\/www.garciafaura.com\/fr\/#\/schema\/logo\/image\/","url":"https:\/\/www.garciafaura.com\/wp-content\/uploads\/2018\/09\/Garcia-Faura.png","contentUrl":"https:\/\/www.garciafaura.com\/wp-content\/uploads\/2018\/09\/Garcia-Faura.png","width":512,"height":512,"caption":"GARCIA FAURA"},"image":{"@id":"https:\/\/www.garciafaura.com\/fr\/#\/schema\/logo\/image\/"},"sameAs":["https:\/\/www.youtube.com\/user\/GARCIAFAURA"]}]}},"_links":{"self":[{"href":"https:\/\/www.garciafaura.com\/fr\/wp-json\/wp\/v2\/pages\/20630","targetHints":{"allow":["GET"]}}],"collection":[{"href":"https:\/\/www.garciafaura.com\/fr\/wp-json\/wp\/v2\/pages"}],"about":[{"href":"https:\/\/www.garciafaura.com\/fr\/wp-json\/wp\/v2\/types\/page"}],"author":[{"embeddable":true,"href":"https:\/\/www.garciafaura.com\/fr\/wp-json\/wp\/v2\/users\/3"}],"replies":[{"embeddable":true,"href":"https:\/\/www.garciafaura.com\/fr\/wp-json\/wp\/v2\/comments?post=20630"}],"version-history":[{"count":3,"href":"https:\/\/www.garciafaura.com\/fr\/wp-json\/wp\/v2\/pages\/20630\/revisions"}],"predecessor-version":[{"id":21416,"href":"https:\/\/www.garciafaura.com\/fr\/wp-json\/wp\/v2\/pages\/20630\/revisions\/21416"}],"wp:attachment":[{"href":"https:\/\/www.garciafaura.com\/fr\/wp-json\/wp\/v2\/media?parent=20630"}],"curies":[{"name":"wp","href":"https:\/\/api.w.org\/{rel}","templated":true}]}}

Division Après-vente

<div class="wpb-content-wrapper">[vc_row full_width= »stretch_row » content_placement= »middle » typography_style= »white » wpex_bg_overlay= »color » wpex_bg_overlay_color= »#000000&Prime; wpex_bg_overlay_opacity= »0.85&Prime;][vc_column width= »1/2&Prime;]<div class="vcex-spacing" style="height:30px"></div>[vc_column_text]<span style="font-family: 'Open Sans'; font-size: 18px;">Notre rapport avec le client ne s&rsquo;achève pas lorsque les travaux sont terminés. Nous garantissons une satisfaction maximale avec nos services et produits pendant toute la période de validité de la garantie et au-delà.</span></p>
<p><span style="font-family: 'Open Sans'; font-size: 18px;">C&rsquo;est la raison pour laquelle nous disposons d&rsquo;un <strong>service après-vente qualifié et hautement apprécié des utilisateurs</strong>. Nous comptons une équipe de professionnels ayant une large expérience dans le secteur et disposés à résoudre n&rsquo;importe quel problème et à travailler avec ardeur pour le bien-être et le confort de l&rsquo;utilisateur final.</span></p>
<p><span style="font-family: 'Open Sans'; font-size: 18px;"><strong>En effet, les destinataires de notre travail sont, plus que des clients, des personnes.</strong> </span>[/vc_column_text][/vc_column][vc_column width= »1/2&Prime;]<div class="vcex-spacing" style="height:30px"></div><h2 class="vcex-module vcex-heading vcex-heading-bottom-border-w-color" style="color:#ffffff;"><span class="vcex-heading-inner clr" style="border-color:#d7515e;">Les engagements de GARCIA FAURA</span></h2><div class="vcex-spacing" style="height:15px"></div>[vc_column_text]
<ul>
<li><span style="font-family: 'Open Sans'; font-size: 18px;">Nous garantissons une bonne fonctionnalité et durabilité de tout ce que nous fabriquons et installons.</span></li>
<li><span style="font-family: 'Open Sans'; font-size: 18px;">Même si nous ne disposons pas de service d&rsquo;urgence, nous travaillons avec des délais d&rsquo;assistance compétitifs.</span></li>
<li><span style="font-family: 'Open Sans'; font-size: 18px;">Nous avons une équipe qualifiée et formée aux principaux profilés du marché.</span></li>
<li><span style="font-family: 'Open Sans'; font-size: 18px;">Nous modifions, réparons ou remplaçons des fermetures fabriquées ou installées par des tiers.</span></li>
<li><span style="font-family: 'Open Sans'; font-size: 18px;">Nous disposons d&rsquo;un ample stock d&rsquo;accessoires et de dispositifs de rechange qui réduisent les délais de réparation.</span></li>
<li><span style="font-family: 'Open Sans'; font-size: 18px;">Nous vous conseillons sur la manière d&rsquo;exploiter au maximum les fermetures existantes.</span></li>
</ul>
[/vc_column_text][/vc_column][/vc_row][vc_row full_width= »stretch_row » content_placement= »middle » wpex_bg_overlay= »color » wpex_bg_overlay_color= »#000000&Prime; wpex_bg_overlay_opacity= »0.85&Prime;][vc_column width= »1/2&Prime;][/vc_column][vc_column width= »1/2&Prime;]<div class="vcex-spacing" style="height:30px"></div><div class="textcenter theme-button-expanded-wrap theme-button-wrap clr"><a href="mailto:avisos@garciafaura.com" title="Contacta amb Postvenda" class="vcex-button theme-button large align-center expanded animate-on-hover expanded" target="_blank" style="background:#d7515e;"><span class="theme-button-inner">Contactez le Service après-vente</span></a></div> [/vc_column][/vc_row]
</div>

<p>[vc_row full_width= »stretch_row » content_placement= »middle » typography_style= »white » wpex_bg_overlay= »color » wpex_bg_overlay_color= »#000000&Prime; wpex_bg_overlay_opacity= »0.85&Prime;][vc_column width= »1/2&Prime;][vc_column_text]Notre rapport avec le client ne s&rsquo;achève pas lorsque les travaux sont terminés. Nous garantissons une satisfaction maximale avec nos services et produits pendant toute la période de validité de la garantie et&hellip;</p>

<!-- This site is optimized with the Yoast SEO plugin v26.7 - https://yoast.com/wordpress/plugins/seo/ -->
<title>Division Après-vente - GARCIA FAURA</title>
<meta name="description" content="Arquitectura en Alumini, Inox, Ferro i Vidre" />
<meta name="robots" content="index, follow, max-snippet:-1, max-image-preview:large, max-video-preview:-1" />
<link rel="canonical" href="https://www.garciafaura.com/fr/division-apres-vente/" />
<meta property="og:locale" content="fr_FR" />
<meta property="og:type" content="article" />
<meta property="og:title" content="Division Après-vente - GARCIA FAURA" />
<meta property="og:description" content="Arquitectura en Alumini, Inox, Ferro i Vidre" />
<meta property="og:url" content="https://www.garciafaura.com/fr/division-apres-vente/" />
<meta property="og:site_name" content="GARCIA FAURA" />
<meta property="article:modified_time" content="2019-06-02T19:57:44+00:00" />
<meta name="twitter:card" content="summary_large_image" />
<meta name="twitter:label1" content="Durée de lecture estimée" />
	<meta name="twitter:data1" content="2 minutes" />
<script type="application/ld+json" class="yoast-schema-graph">{"@context":"https://schema.org","@graph":[{"@type":"WebPage","@id":"https://www.garciafaura.com/fr/division-apres-vente/","url":"https://www.garciafaura.com/fr/division-apres-vente/","name":"Division Après-vente - GARCIA FAURA","isPartOf":{"@id":"https://www.garciafaura.com/fr/#website"},"datePublished":"2019-05-27T11:22:57+00:00","dateModified":"2019-06-02T19:57:44+00:00","description":"Arquitectura en Alumini, Inox, Ferro i Vidre","breadcrumb":{"@id":"https://www.garciafaura.com/fr/division-apres-vente/#breadcrumb"},"inLanguage":"fr-FR","potentialAction":[{"@type":"ReadAction","target":["https://www.garciafaura.com/fr/division-apres-vente/"]}]},{"@type":"BreadcrumbList","@id":"https://www.garciafaura.com/fr/division-apres-vente/#breadcrumb","itemListElement":[{"@type":"ListItem","position":1,"name":"Inici","item":"https://www.garciafaura.com/fr/"},{"@type":"ListItem","position":2,"name":"Division Après-vente"}]},{"@type":"WebSite","@id":"https://www.garciafaura.com/fr/#website","url":"https://www.garciafaura.com/fr/","name":"GARCIA FAURA","description":"Arquitectura en Alumini, Inox, Ferro i Vidre","publisher":{"@id":"https://www.garciafaura.com/fr/#organization"},"potentialAction":[{"@type":"SearchAction","target":{"@type":"EntryPoint","urlTemplate":"https://www.garciafaura.com/fr/?s={search_term_string}"},"query-input":{"@type":"PropertyValueSpecification","valueRequired":true,"valueName":"search_term_string"}}],"inLanguage":"fr-FR"},{"@type":"Organization","@id":"https://www.garciafaura.com/fr/#organization","name":"GARCIA FAURA","url":"https://www.garciafaura.com/fr/","logo":{"@type":"ImageObject","inLanguage":"fr-FR","@id":"https://www.garciafaura.com/fr/#/schema/logo/image/","url":"https://www.garciafaura.com/wp-content/uploads/2018/09/Garcia-Faura.png","contentUrl":"https://www.garciafaura.com/wp-content/uploads/2018/09/Garcia-Faura.png","width":512,"height":512,"caption":"GARCIA FAURA"},"image":{"@id":"https://www.garciafaura.com/fr/#/schema/logo/image/"},"sameAs":["https://www.youtube.com/user/GARCIAFAURA"]}]}</script>
<!-- / Yoast SEO plugin. -->

Division Après-vente - GARCIA FAURA
