{"id":17250,"date":"2019-02-21T18:58:49","date_gmt":"2019-02-21T18:58:49","guid":{"rendered":"https:\/\/www.garciafaura.com\/empresa\/"},"modified":"2022-09-08T11:37:48","modified_gmt":"2022-09-08T09:37:48","slug":"empresa","status":"publish","type":"page","link":"https:\/\/www.garciafaura.com\/es\/empresa\/","title":{"rendered":"Empresa"},"content":{"rendered":"<div class=\"wpb-content-wrapper\">[vc_row full_width=\u00bbstretch_row\u00bb typography_style=\u00bblight\u00bb][vc_column width=\u00bb1\/4&#8243;][vc_single_image image=\u00bb76&#8243; img_size=\u00bbthumbnail\u00bb alignment=\u00bbcenter\u00bb][\/vc_column][vc_column width=\u00bb3\/4&#8243;][vc_column_text]<span style=\"font-family: 'Open Sans'; font-size: 18px;\"><strong>GARCIA FAURA<\/strong> es la empresa pionera en el desarrollo de fachadas modulares, muros cortina y cerramientos de aluminio y vidrio. Una compa\u00f1\u00eda de ra\u00edz familiar, nacida en 1888 y con proyecci\u00f3n internacional. Con sede central en Gav\u00e0 (Barcelona) y delegaciones propias en Colombia y Francia.<\/span><\/p>\n<p><span style=\"font-family: 'Open Sans'; font-size: 18px;\">Nos enorgullece ofrecer lo que llamamos liderazgo de proximidad: la potencialidad de una empresa de referencia contrastada, pero con un trato cercano y directo. Un liderazgo que es fruto del empuje, el esfuerzo y el compromiso del equipo de profesionales de GARCIA FAURA, que se deja la piel en un trabajo que nos apasiona.<\/span><\/p>\n<p><span style=\"font-family: 'Open Sans'; font-size: 18px;\">Porque creemos en lo que hacemos y nos esforzamos a diario para seguir proyect\u00e1ndonos hacia el futuro. Con el objetivo de ser los mejores aliados para sus proyectos constructivos.<\/span>[\/vc_column_text][\/vc_column][\/vc_row][vc_row][vc_column css_animation=\u00bbfadeInDown\u00bb typography_style=\u00bbwhite\u00bb][vc_text_separator title=\u00bb130 a\u00f1os de experiencia e innovaci\u00f3n\u00bb color=\u00bbcustom\u00bb accent_color=\u00bb#dd3333&#8243; css=\u00bb.vc_custom_1571761267272{margin-top: 30px !important;margin-bottom: 30px !important;border-top-width: 0.5px !important;border-bottom-width: 0.5px !important;padding-top: 15px !important;padding-bottom: 15px !important;}\u00bb][\/vc_column][\/vc_row][vc_row][vc_column typography_style=\u00bbwhite\u00bb][vc_single_image image=\u00bb16659&#8243; css_animation=\u00bbfadeIn\u00bb][\/vc_column][\/vc_row][vc_row][vc_column width=\u00bb5\/6&#8243; css=\u00bb.vc_custom_1545153377327{margin-right: 30px !important;border-right-width: 0.5px !important;padding-right: 15px !important;border-right-color: #ffffff !important;border-right-style: solid !important;}\u00bb][vc_column_text color=\u00bb#9e9e9e\u00bb]<span style=\"font-family: 'Open Sans'; font-size: 18px;\">Pocas empresas del sector pueden decir que sus or\u00edgenes se remontan a 1888. Es entonces cuando nace <strong>GARCIA FAURA<\/strong>, primero como herrer\u00eda de Gav\u00e0, despu\u00e9s como cerrajer\u00eda y as\u00ed hasta llegar a nuestros d\u00edas. Cinco generaciones familiares que han sabido adaptarse a cada etapa, evolucionando al ritmo que lo hac\u00eda la sociedad.<\/span><\/p>\n<p><span style=\"font-family: 'Open Sans'; font-size: 18px;\">Las herraduras dejar\u00edan paso a la artesan\u00eda en el hierro. Las primeras rejas abrir\u00edan el camino a las ventanas de aluminio, hasta convertirse en todo tipo de cerramientos met\u00e1licos y fachadas de vidrio. Aquel taller familiar se convierte en una empresa pionera en el sector, de referencia en el territorio, motor econ\u00f3mico y de empleo.<\/span><\/p>\n<p><span style=\"font-family: 'Open Sans'; font-size: 18px;\">Ya de lleno en el siglo XXI, <strong>GARCIA FAURA<\/strong> afronta el futuro consciente de que la innovaci\u00f3n, el desarrollo constante y la asunci\u00f3n de nuevos retos son la clave para continuar avanzando.<\/span><\/p>\n<p><span style=\"font-family: 'Open Sans'; font-size: 18px;\">Y todo ello, como siempre, velando por la calidad del producto, y por la calidad del servicio. Comprometidos con el territorio y con las personas. As\u00ed ha sido a lo largo de 125 a\u00f1os. Y as\u00ed queremos que siga siendo.<\/span>[\/vc_column_text][\/vc_column][vc_column width=\u00bb1\/6&#8243;][\/vc_column][\/vc_row][vc_row][vc_column width=\u00bb1\/2&#8243;][\/vc_column][vc_column width=\u00bb1\/2&#8243;][vc_column_text text_align=\u00bbright\u00bb color=\u00bb#ffffff\u00bb]<em><span style=\"font-family: 'Open Sans'; font-size: 16px;\">\u00abLa especie que sobrevive no es la m\u00e1s fuerte, ni la m\u00e1s inteligente, sino la que se adapta mejor a los cambios\u00bb <\/span><\/em><br \/>\n<strong><span style=\"font-family: 'Open Sans'; font-size: 16px;\">Charles R. Darwin<\/span><\/strong>[\/vc_column_text][\/vc_column][\/vc_row]\n<\/div>","protected":false},"excerpt":{"rendered":"<p>[vc_row full_width=\u00bbstretch_row\u00bb typography_style=\u00bblight\u00bb][vc_column width=\u00bb1\/4&#8243;][vc_single_image image=\u00bb76&#8243; img_size=\u00bbthumbnail\u00bb alignment=\u00bbcenter\u00bb][\/vc_column][vc_column width=\u00bb3\/4&#8243;][vc_column_text]GARCIA FAURA es la empresa pionera en el desarrollo de fachadas modulares, muros cortina y cerramientos de aluminio y vidrio. Una compa\u00f1\u00eda de ra\u00edz familiar, nacida en 1888 y con proyecci\u00f3n internacional. Con&hellip;<\/p>\n","protected":false},"author":3,"featured_media":0,"parent":0,"menu_order":0,"comment_status":"closed","ping_status":"closed","template":"","meta":{"footnotes":""},"class_list":["post-17250","page","type-page","status-publish","hentry","entry","no-media"],"yoast_head":"<!-- This site is optimized with the Yoast SEO plugin v26.7 - https:\/\/yoast.com\/wordpress\/plugins\/seo\/ -->\n<title>Empresa - GARCIA FAURA<\/title>\n<meta name=\"description\" content=\"GARCIA FAURA \u00e9s l\u2019empresa pionera en el desenvolupament de fa\u00e7anes modulars, murs cortina i tancaments d\u2019alumini i vidre. Una companyia d\u2019arrel familiar, nascuda l\u2019any 1888 i amb projecci\u00f3 internacional. Amb seu central a Gav\u00e0 (Barcelona) i delegacions pr\u00f2pies a Col\u00f2mbia i Fran\u00e7a.\" \/>\n<meta name=\"robots\" content=\"index, follow, max-snippet:-1, max-image-preview:large, max-video-preview:-1\" \/>\n<link rel=\"canonical\" href=\"https:\/\/www.garciafaura.com\/es\/empresa\/\" \/>\n<meta property=\"og:locale\" content=\"es_ES\" \/>\n<meta property=\"og:type\" content=\"article\" \/>\n<meta property=\"og:title\" content=\"Empresa - GARCIA FAURA\" \/>\n<meta property=\"og:description\" content=\"GARCIA FAURA \u00e9s l\u2019empresa pionera en el desenvolupament de fa\u00e7anes modulars, murs cortina i tancaments d\u2019alumini i vidre. Una companyia d\u2019arrel familiar, nascuda l\u2019any 1888 i amb projecci\u00f3 internacional. Amb seu central a Gav\u00e0 (Barcelona) i delegacions pr\u00f2pies a Col\u00f2mbia i Fran\u00e7a.\" \/>\n<meta property=\"og:url\" content=\"https:\/\/www.garciafaura.com\/es\/empresa\/\" \/>\n<meta property=\"og:site_name\" content=\"GARCIA FAURA\" \/>\n<meta property=\"article:modified_time\" content=\"2022-09-08T09:37:48+00:00\" \/>\n<meta name=\"twitter:card\" content=\"summary_large_image\" \/>\n<meta name=\"twitter:label1\" content=\"Tiempo de lectura\" \/>\n\t<meta name=\"twitter:data1\" content=\"3 minutos\" \/>\n<script type=\"application\/ld+json\" class=\"yoast-schema-graph\">{\"@context\":\"https:\/\/schema.org\",\"@graph\":[{\"@type\":\"WebPage\",\"@id\":\"https:\/\/www.garciafaura.com\/es\/empresa\/\",\"url\":\"https:\/\/www.garciafaura.com\/es\/empresa\/\",\"name\":\"Empresa - GARCIA FAURA\",\"isPartOf\":{\"@id\":\"https:\/\/www.garciafaura.com\/fr\/#website\"},\"datePublished\":\"2019-02-21T18:58:49+00:00\",\"dateModified\":\"2022-09-08T09:37:48+00:00\",\"description\":\"GARCIA FAURA \u00e9s l\u2019empresa pionera en el desenvolupament de fa\u00e7anes modulars, murs cortina i tancaments d\u2019alumini i vidre. Una companyia d\u2019arrel familiar, nascuda l\u2019any 1888 i amb projecci\u00f3 internacional. Amb seu central a Gav\u00e0 (Barcelona) i delegacions pr\u00f2pies a Col\u00f2mbia i Fran\u00e7a.\",\"breadcrumb\":{\"@id\":\"https:\/\/www.garciafaura.com\/es\/empresa\/#breadcrumb\"},\"inLanguage\":\"es\",\"potentialAction\":[{\"@type\":\"ReadAction\",\"target\":[\"https:\/\/www.garciafaura.com\/es\/empresa\/\"]}]},{\"@type\":\"BreadcrumbList\",\"@id\":\"https:\/\/www.garciafaura.com\/es\/empresa\/#breadcrumb\",\"itemListElement\":[{\"@type\":\"ListItem\",\"position\":1,\"name\":\"Inici\",\"item\":\"https:\/\/www.garciafaura.com\/es\/\"},{\"@type\":\"ListItem\",\"position\":2,\"name\":\"Empresa\"}]},{\"@type\":\"WebSite\",\"@id\":\"https:\/\/www.garciafaura.com\/fr\/#website\",\"url\":\"https:\/\/www.garciafaura.com\/fr\/\",\"name\":\"GARCIA FAURA\",\"description\":\"Arquitectura en Alumini, Inox, Ferro i Vidre\",\"publisher\":{\"@id\":\"https:\/\/www.garciafaura.com\/fr\/#organization\"},\"potentialAction\":[{\"@type\":\"SearchAction\",\"target\":{\"@type\":\"EntryPoint\",\"urlTemplate\":\"https:\/\/www.garciafaura.com\/fr\/?s={search_term_string}\"},\"query-input\":{\"@type\":\"PropertyValueSpecification\",\"valueRequired\":true,\"valueName\":\"search_term_string\"}}],\"inLanguage\":\"es\"},{\"@type\":\"Organization\",\"@id\":\"https:\/\/www.garciafaura.com\/fr\/#organization\",\"name\":\"GARCIA FAURA\",\"url\":\"https:\/\/www.garciafaura.com\/fr\/\",\"logo\":{\"@type\":\"ImageObject\",\"inLanguage\":\"es\",\"@id\":\"https:\/\/www.garciafaura.com\/fr\/#\/schema\/logo\/image\/\",\"url\":\"https:\/\/www.garciafaura.com\/wp-content\/uploads\/2018\/09\/Garcia-Faura.png\",\"contentUrl\":\"https:\/\/www.garciafaura.com\/wp-content\/uploads\/2018\/09\/Garcia-Faura.png\",\"width\":512,\"height\":512,\"caption\":\"GARCIA FAURA\"},\"image\":{\"@id\":\"https:\/\/www.garciafaura.com\/fr\/#\/schema\/logo\/image\/\"},\"sameAs\":[\"https:\/\/www.youtube.com\/user\/GARCIAFAURA\"]}]}<\/script>\n<!-- \/ Yoast SEO plugin. -->","yoast_head_json":{"title":"Empresa - GARCIA FAURA","description":"GARCIA FAURA \u00e9s l\u2019empresa pionera en el desenvolupament de fa\u00e7anes modulars, murs cortina i tancaments d\u2019alumini i vidre. Una companyia d\u2019arrel familiar, nascuda l\u2019any 1888 i amb projecci\u00f3 internacional. Amb seu central a Gav\u00e0 (Barcelona) i delegacions pr\u00f2pies a Col\u00f2mbia i Fran\u00e7a.","robots":{"index":"index","follow":"follow","max-snippet":"max-snippet:-1","max-image-preview":"max-image-preview:large","max-video-preview":"max-video-preview:-1"},"canonical":"https:\/\/www.garciafaura.com\/es\/empresa\/","og_locale":"es_ES","og_type":"article","og_title":"Empresa - GARCIA FAURA","og_description":"GARCIA FAURA \u00e9s l\u2019empresa pionera en el desenvolupament de fa\u00e7anes modulars, murs cortina i tancaments d\u2019alumini i vidre. Una companyia d\u2019arrel familiar, nascuda l\u2019any 1888 i amb projecci\u00f3 internacional. Amb seu central a Gav\u00e0 (Barcelona) i delegacions pr\u00f2pies a Col\u00f2mbia i Fran\u00e7a.","og_url":"https:\/\/www.garciafaura.com\/es\/empresa\/","og_site_name":"GARCIA FAURA","article_modified_time":"2022-09-08T09:37:48+00:00","twitter_card":"summary_large_image","twitter_misc":{"Tiempo de lectura":"3 minutos"},"schema":{"@context":"https:\/\/schema.org","@graph":[{"@type":"WebPage","@id":"https:\/\/www.garciafaura.com\/es\/empresa\/","url":"https:\/\/www.garciafaura.com\/es\/empresa\/","name":"Empresa - GARCIA FAURA","isPartOf":{"@id":"https:\/\/www.garciafaura.com\/fr\/#website"},"datePublished":"2019-02-21T18:58:49+00:00","dateModified":"2022-09-08T09:37:48+00:00","description":"GARCIA FAURA \u00e9s l\u2019empresa pionera en el desenvolupament de fa\u00e7anes modulars, murs cortina i tancaments d\u2019alumini i vidre. Una companyia d\u2019arrel familiar, nascuda l\u2019any 1888 i amb projecci\u00f3 internacional. Amb seu central a Gav\u00e0 (Barcelona) i delegacions pr\u00f2pies a Col\u00f2mbia i Fran\u00e7a.","breadcrumb":{"@id":"https:\/\/www.garciafaura.com\/es\/empresa\/#breadcrumb"},"inLanguage":"es","potentialAction":[{"@type":"ReadAction","target":["https:\/\/www.garciafaura.com\/es\/empresa\/"]}]},{"@type":"BreadcrumbList","@id":"https:\/\/www.garciafaura.com\/es\/empresa\/#breadcrumb","itemListElement":[{"@type":"ListItem","position":1,"name":"Inici","item":"https:\/\/www.garciafaura.com\/es\/"},{"@type":"ListItem","position":2,"name":"Empresa"}]},{"@type":"WebSite","@id":"https:\/\/www.garciafaura.com\/fr\/#website","url":"https:\/\/www.garciafaura.com\/fr\/","name":"GARCIA FAURA","description":"Arquitectura en Alumini, Inox, Ferro i Vidre","publisher":{"@id":"https:\/\/www.garciafaura.com\/fr\/#organization"},"potentialAction":[{"@type":"SearchAction","target":{"@type":"EntryPoint","urlTemplate":"https:\/\/www.garciafaura.com\/fr\/?s={search_term_string}"},"query-input":{"@type":"PropertyValueSpecification","valueRequired":true,"valueName":"search_term_string"}}],"inLanguage":"es"},{"@type":"Organization","@id":"https:\/\/www.garciafaura.com\/fr\/#organization","name":"GARCIA FAURA","url":"https:\/\/www.garciafaura.com\/fr\/","logo":{"@type":"ImageObject","inLanguage":"es","@id":"https:\/\/www.garciafaura.com\/fr\/#\/schema\/logo\/image\/","url":"https:\/\/www.garciafaura.com\/wp-content\/uploads\/2018\/09\/Garcia-Faura.png","contentUrl":"https:\/\/www.garciafaura.com\/wp-content\/uploads\/2018\/09\/Garcia-Faura.png","width":512,"height":512,"caption":"GARCIA FAURA"},"image":{"@id":"https:\/\/www.garciafaura.com\/fr\/#\/schema\/logo\/image\/"},"sameAs":["https:\/\/www.youtube.com\/user\/GARCIAFAURA"]}]}},"_links":{"self":[{"href":"https:\/\/www.garciafaura.com\/es\/wp-json\/wp\/v2\/pages\/17250","targetHints":{"allow":["GET"]}}],"collection":[{"href":"https:\/\/www.garciafaura.com\/es\/wp-json\/wp\/v2\/pages"}],"about":[{"href":"https:\/\/www.garciafaura.com\/es\/wp-json\/wp\/v2\/types\/page"}],"author":[{"embeddable":true,"href":"https:\/\/www.garciafaura.com\/es\/wp-json\/wp\/v2\/users\/3"}],"replies":[{"embeddable":true,"href":"https:\/\/www.garciafaura.com\/es\/wp-json\/wp\/v2\/comments?post=17250"}],"version-history":[{"count":5,"href":"https:\/\/www.garciafaura.com\/es\/wp-json\/wp\/v2\/pages\/17250\/revisions"}],"predecessor-version":[{"id":30329,"href":"https:\/\/www.garciafaura.com\/es\/wp-json\/wp\/v2\/pages\/17250\/revisions\/30329"}],"wp:attachment":[{"href":"https:\/\/www.garciafaura.com\/es\/wp-json\/wp\/v2\/media?parent=17250"}],"curies":[{"name":"wp","href":"https:\/\/api.w.org\/{rel}","templated":true}]}}

<div class="wpb-content-wrapper">[vc_row full_width=»stretch_row» typography_style=»light»][vc_column width=»1/4&#8243;][vc_single_image image=»76&#8243; img_size=»thumbnail» alignment=»center»][/vc_column][vc_column width=»3/4&#8243;][vc_column_text]<span style="font-family: 'Open Sans'; font-size: 18px;"><strong>GARCIA FAURA</strong> es la empresa pionera en el desarrollo de fachadas modulares, muros cortina y cerramientos de aluminio y vidrio. Una compañía de raíz familiar, nacida en 1888 y con proyección internacional. Con sede central en Gavà (Barcelona) y delegaciones propias en Colombia y Francia.</span></p>
<p><span style="font-family: 'Open Sans'; font-size: 18px;">Nos enorgullece ofrecer lo que llamamos liderazgo de proximidad: la potencialidad de una empresa de referencia contrastada, pero con un trato cercano y directo. Un liderazgo que es fruto del empuje, el esfuerzo y el compromiso del equipo de profesionales de GARCIA FAURA, que se deja la piel en un trabajo que nos apasiona.</span></p>
<p><span style="font-family: 'Open Sans'; font-size: 18px;">Porque creemos en lo que hacemos y nos esforzamos a diario para seguir proyectándonos hacia el futuro. Con el objetivo de ser los mejores aliados para sus proyectos constructivos.</span>[/vc_column_text][/vc_column][/vc_row][vc_row][vc_column css_animation=»fadeInDown» typography_style=»white»][vc_text_separator title=»130 años de experiencia e innovación» color=»custom» accent_color=»#dd3333&#8243; css=».vc_custom_1571761267272{margin-top: 30px !important;margin-bottom: 30px !important;border-top-width: 0.5px !important;border-bottom-width: 0.5px !important;padding-top: 15px !important;padding-bottom: 15px !important;}»][/vc_column][/vc_row][vc_row][vc_column typography_style=»white»][vc_single_image image=»16659&#8243; css_animation=»fadeIn»][/vc_column][/vc_row][vc_row][vc_column width=»5/6&#8243; css=».vc_custom_1545153377327{margin-right: 30px !important;border-right-width: 0.5px !important;padding-right: 15px !important;border-right-color: #ffffff !important;border-right-style: solid !important;}»][vc_column_text color=»#9e9e9e»]<span style="font-family: 'Open Sans'; font-size: 18px;">Pocas empresas del sector pueden decir que sus orígenes se remontan a 1888. Es entonces cuando nace <strong>GARCIA FAURA</strong>, primero como herrería de Gavà, después como cerrajería y así hasta llegar a nuestros días. Cinco generaciones familiares que han sabido adaptarse a cada etapa, evolucionando al ritmo que lo hacía la sociedad.</span></p>
<p><span style="font-family: 'Open Sans'; font-size: 18px;">Las herraduras dejarían paso a la artesanía en el hierro. Las primeras rejas abrirían el camino a las ventanas de aluminio, hasta convertirse en todo tipo de cerramientos metálicos y fachadas de vidrio. Aquel taller familiar se convierte en una empresa pionera en el sector, de referencia en el territorio, motor económico y de empleo.</span></p>
<p><span style="font-family: 'Open Sans'; font-size: 18px;">Ya de lleno en el siglo XXI, <strong>GARCIA FAURA</strong> afronta el futuro consciente de que la innovación, el desarrollo constante y la asunción de nuevos retos son la clave para continuar avanzando.</span></p>
<p><span style="font-family: 'Open Sans'; font-size: 18px;">Y todo ello, como siempre, velando por la calidad del producto, y por la calidad del servicio. Comprometidos con el territorio y con las personas. Así ha sido a lo largo de 125 años. Y así queremos que siga siendo.</span>[/vc_column_text][/vc_column][vc_column width=»1/6&#8243;][/vc_column][/vc_row][vc_row][vc_column width=»1/2&#8243;][/vc_column][vc_column width=»1/2&#8243;][vc_column_text text_align=»right» color=»#ffffff»]<em><span style="font-family: 'Open Sans'; font-size: 16px;">«La especie que sobrevive no es la más fuerte, ni la más inteligente, sino la que se adapta mejor a los cambios» </span></em><br />
<strong><span style="font-family: 'Open Sans'; font-size: 16px;">Charles R. Darwin</span></strong>[/vc_column_text][/vc_column][/vc_row]
</div>

<p>[vc_row full_width=»stretch_row» typography_style=»light»][vc_column width=»1/4&#8243;][vc_single_image image=»76&#8243; img_size=»thumbnail» alignment=»center»][/vc_column][vc_column width=»3/4&#8243;][vc_column_text]GARCIA FAURA es la empresa pionera en el desarrollo de fachadas modulares, muros cortina y cerramientos de aluminio y vidrio. Una compañía de raíz familiar, nacida en 1888 y con proyección internacional. Con&hellip;</p>

<!-- This site is optimized with the Yoast SEO plugin v26.7 - https://yoast.com/wordpress/plugins/seo/ -->
<title>Empresa - GARCIA FAURA</title>
<meta name="description" content="GARCIA FAURA és l’empresa pionera en el desenvolupament de façanes modulars, murs cortina i tancaments d’alumini i vidre. Una companyia d’arrel familiar, nascuda l’any 1888 i amb projecció internacional. Amb seu central a Gavà (Barcelona) i delegacions pròpies a Colòmbia i França." />
<meta name="robots" content="index, follow, max-snippet:-1, max-image-preview:large, max-video-preview:-1" />
<link rel="canonical" href="https://www.garciafaura.com/es/empresa/" />
<meta property="og:locale" content="es_ES" />
<meta property="og:type" content="article" />
<meta property="og:title" content="Empresa - GARCIA FAURA" />
<meta property="og:description" content="GARCIA FAURA és l’empresa pionera en el desenvolupament de façanes modulars, murs cortina i tancaments d’alumini i vidre. Una companyia d’arrel familiar, nascuda l’any 1888 i amb projecció internacional. Amb seu central a Gavà (Barcelona) i delegacions pròpies a Colòmbia i França." />
<meta property="og:url" content="https://www.garciafaura.com/es/empresa/" />
<meta property="og:site_name" content="GARCIA FAURA" />
<meta property="article:modified_time" content="2022-09-08T09:37:48+00:00" />
<meta name="twitter:card" content="summary_large_image" />
<meta name="twitter:label1" content="Tiempo de lectura" />
	<meta name="twitter:data1" content="3 minutos" />
<script type="application/ld+json" class="yoast-schema-graph">{"@context":"https://schema.org","@graph":[{"@type":"WebPage","@id":"https://www.garciafaura.com/es/empresa/","url":"https://www.garciafaura.com/es/empresa/","name":"Empresa - GARCIA FAURA","isPartOf":{"@id":"https://www.garciafaura.com/fr/#website"},"datePublished":"2019-02-21T18:58:49+00:00","dateModified":"2022-09-08T09:37:48+00:00","description":"GARCIA FAURA és l’empresa pionera en el desenvolupament de façanes modulars, murs cortina i tancaments d’alumini i vidre. Una companyia d’arrel familiar, nascuda l’any 1888 i amb projecció internacional. Amb seu central a Gavà (Barcelona) i delegacions pròpies a Colòmbia i França.","breadcrumb":{"@id":"https://www.garciafaura.com/es/empresa/#breadcrumb"},"inLanguage":"es","potentialAction":[{"@type":"ReadAction","target":["https://www.garciafaura.com/es/empresa/"]}]},{"@type":"BreadcrumbList","@id":"https://www.garciafaura.com/es/empresa/#breadcrumb","itemListElement":[{"@type":"ListItem","position":1,"name":"Inici","item":"https://www.garciafaura.com/es/"},{"@type":"ListItem","position":2,"name":"Empresa"}]},{"@type":"WebSite","@id":"https://www.garciafaura.com/fr/#website","url":"https://www.garciafaura.com/fr/","name":"GARCIA FAURA","description":"Arquitectura en Alumini, Inox, Ferro i Vidre","publisher":{"@id":"https://www.garciafaura.com/fr/#organization"},"potentialAction":[{"@type":"SearchAction","target":{"@type":"EntryPoint","urlTemplate":"https://www.garciafaura.com/fr/?s={search_term_string}"},"query-input":{"@type":"PropertyValueSpecification","valueRequired":true,"valueName":"search_term_string"}}],"inLanguage":"es"},{"@type":"Organization","@id":"https://www.garciafaura.com/fr/#organization","name":"GARCIA FAURA","url":"https://www.garciafaura.com/fr/","logo":{"@type":"ImageObject","inLanguage":"es","@id":"https://www.garciafaura.com/fr/#/schema/logo/image/","url":"https://www.garciafaura.com/wp-content/uploads/2018/09/Garcia-Faura.png","contentUrl":"https://www.garciafaura.com/wp-content/uploads/2018/09/Garcia-Faura.png","width":512,"height":512,"caption":"GARCIA FAURA"},"image":{"@id":"https://www.garciafaura.com/fr/#/schema/logo/image/"},"sameAs":["https://www.youtube.com/user/GARCIAFAURA"]}]}</script>
<!-- / Yoast SEO plugin. -->

GARCIA FAURA és l’empresa pionera en el desenvolupament de façanes modulars, murs cortina i tancaments d’alumini i vidre. Una companyia d’arrel familiar, nascuda l’any 1888 i amb projecció internacional. Amb seu central a Gavà (Barcelona) i delegacions pròpies a Colòmbia i França.
