{"id":17235,"date":"2019-02-21T18:33:22","date_gmt":"2019-02-21T18:33:22","guid":{"rendered":"https:\/\/www.garciafaura.com\/ingenieria-calculo-y-diseno\/"},"modified":"2021-10-19T09:25:22","modified_gmt":"2021-10-19T07:25:22","slug":"ingenieria-calculo-y-diseno","status":"publish","type":"page","link":"https:\/\/www.garciafaura.com\/es\/ingenieria-calculo-y-diseno\/","title":{"rendered":"Ingenier\u00eda, C\u00e1lculo y Dise\u00f1o"},"content":{"rendered":"<div class=\"wpb-content-wrapper\">[vc_row full_width=\u00bbstretch_row\u00bb content_placement=\u00bbmiddle\u00bb wpex_bg_overlay=\u00bbcolor\u00bb wpex_bg_overlay_color=\u00bb#d9d9d9&#8243; wpex_bg_overlay_opacity=\u00bb0.85&#8243;][vc_column]<div class=\"vcex-spacing\" style=\"height:30px\"><\/div>[vc_column_text]<span style=\"font-family: 'Open Sans'; font-size: 18px;\"><strong>GARCIA FAURA<\/strong> dispone de una \u00e1rea espec\u00edfica destinada al an\u00e1lisis y el desarrollo de soluciones t\u00e9cnicas de fachadas y elementos estructurales. Un equipo que participa directamente en el proceso de definici\u00f3n de los proyectos que desarrollamos, a partir del c\u00e1lculo por elementos finitos y la formulaci\u00f3n anal\u00edtica de propuestas.<\/span>[\/vc_column_text][\/vc_column][\/vc_row][vc_row full_width=\u00bbstretch_row\u00bb equal_height=\u00bbyes\u00bb typography_style=\u00bblight\u00bb][vc_column width=\u00bb2\/3&#8243;]<div class=\"vcex-spacing\" style=\"height:30px\"><\/div>[vc_single_image image=\u00bb28617&#8243;][\/vc_column][vc_column width=\u00bb1\/3&#8243;]<div class=\"vcex-spacing\" style=\"height:30px\"><\/div>[vc_column_text]<span style=\"font-family: 'Open Sans'; font-size: 18px;\">Un servicio altamente tecnificado, que deviene alianza de primer nivel para el equipo de ingenier\u00eda y arquitectura autor del proyecto, trabajando conjuntamente con la Oficina T\u00e9cnica de <strong>GARCIA FAURA<\/strong>. <\/span><\/p>\n<p><span style=\"font-family: 'Open Sans'; font-size: 18px;\">Permite buscar las soluciones existentes m\u00e1s adecuadas en funci\u00f3n de los requerimientos del mismo, o bien dise\u00f1ando sistemas propios que se adecuen a estos requerimientos.<\/span>[\/vc_column_text][\/vc_column][\/vc_row]\n<\/div>","protected":false},"excerpt":{"rendered":"<p>[vc_row full_width=\u00bbstretch_row\u00bb content_placement=\u00bbmiddle\u00bb wpex_bg_overlay=\u00bbcolor\u00bb wpex_bg_overlay_color=\u00bb#d9d9d9&#8243; wpex_bg_overlay_opacity=\u00bb0.85&#8243;][vc_column][vc_column_text]GARCIA FAURA dispone de una \u00e1rea espec\u00edfica destinada al an\u00e1lisis y el desarrollo de soluciones t\u00e9cnicas de fachadas y elementos estructurales. Un equipo que participa directamente en el proceso de definici\u00f3n de los proyectos que&hellip;<\/p>\n","protected":false},"author":3,"featured_media":0,"parent":0,"menu_order":0,"comment_status":"closed","ping_status":"closed","template":"","meta":{"footnotes":""},"class_list":["post-17235","page","type-page","status-publish","hentry","entry","no-media"],"yoast_head":"<!-- This site is optimized with the Yoast SEO plugin v26.7 - https:\/\/yoast.com\/wordpress\/plugins\/seo\/ -->\n<title>Ingenier\u00eda, C\u00e1lculo y Dise\u00f1o - GARCIA FAURA<\/title>\n<meta name=\"description\" content=\"Arquitectura en Alumini, Inox, Ferro i Vidre\" \/>\n<meta name=\"robots\" content=\"index, follow, max-snippet:-1, max-image-preview:large, max-video-preview:-1\" \/>\n<link rel=\"canonical\" href=\"https:\/\/www.garciafaura.com\/es\/ingenieria-calculo-y-diseno\/\" \/>\n<meta property=\"og:locale\" content=\"es_ES\" \/>\n<meta property=\"og:type\" content=\"article\" \/>\n<meta property=\"og:title\" content=\"Ingenier\u00eda, C\u00e1lculo y Dise\u00f1o - GARCIA FAURA\" \/>\n<meta property=\"og:description\" content=\"Arquitectura en Alumini, Inox, Ferro i Vidre\" \/>\n<meta property=\"og:url\" content=\"https:\/\/www.garciafaura.com\/es\/ingenieria-calculo-y-diseno\/\" \/>\n<meta property=\"og:site_name\" content=\"GARCIA FAURA\" \/>\n<meta property=\"article:modified_time\" content=\"2021-10-19T07:25:22+00:00\" \/>\n<meta name=\"twitter:card\" content=\"summary_large_image\" \/>\n<meta name=\"twitter:label1\" content=\"Tiempo de lectura\" \/>\n\t<meta name=\"twitter:data1\" content=\"1 minuto\" \/>\n<script type=\"application\/ld+json\" class=\"yoast-schema-graph\">{\"@context\":\"https:\/\/schema.org\",\"@graph\":[{\"@type\":\"WebPage\",\"@id\":\"https:\/\/www.garciafaura.com\/es\/ingenieria-calculo-y-diseno\/\",\"url\":\"https:\/\/www.garciafaura.com\/es\/ingenieria-calculo-y-diseno\/\",\"name\":\"Ingenier\u00eda, C\u00e1lculo y Dise\u00f1o - GARCIA FAURA\",\"isPartOf\":{\"@id\":\"https:\/\/www.garciafaura.com\/fr\/#website\"},\"datePublished\":\"2019-02-21T18:33:22+00:00\",\"dateModified\":\"2021-10-19T07:25:22+00:00\",\"description\":\"Arquitectura en Alumini, Inox, Ferro i Vidre\",\"breadcrumb\":{\"@id\":\"https:\/\/www.garciafaura.com\/es\/ingenieria-calculo-y-diseno\/#breadcrumb\"},\"inLanguage\":\"es\",\"potentialAction\":[{\"@type\":\"ReadAction\",\"target\":[\"https:\/\/www.garciafaura.com\/es\/ingenieria-calculo-y-diseno\/\"]}]},{\"@type\":\"BreadcrumbList\",\"@id\":\"https:\/\/www.garciafaura.com\/es\/ingenieria-calculo-y-diseno\/#breadcrumb\",\"itemListElement\":[{\"@type\":\"ListItem\",\"position\":1,\"name\":\"Inici\",\"item\":\"https:\/\/www.garciafaura.com\/es\/\"},{\"@type\":\"ListItem\",\"position\":2,\"name\":\"Ingenier\u00eda, C\u00e1lculo y Dise\u00f1o\"}]},{\"@type\":\"WebSite\",\"@id\":\"https:\/\/www.garciafaura.com\/fr\/#website\",\"url\":\"https:\/\/www.garciafaura.com\/fr\/\",\"name\":\"GARCIA FAURA\",\"description\":\"Arquitectura en Alumini, Inox, Ferro i Vidre\",\"publisher\":{\"@id\":\"https:\/\/www.garciafaura.com\/fr\/#organization\"},\"potentialAction\":[{\"@type\":\"SearchAction\",\"target\":{\"@type\":\"EntryPoint\",\"urlTemplate\":\"https:\/\/www.garciafaura.com\/fr\/?s={search_term_string}\"},\"query-input\":{\"@type\":\"PropertyValueSpecification\",\"valueRequired\":true,\"valueName\":\"search_term_string\"}}],\"inLanguage\":\"es\"},{\"@type\":\"Organization\",\"@id\":\"https:\/\/www.garciafaura.com\/fr\/#organization\",\"name\":\"GARCIA FAURA\",\"url\":\"https:\/\/www.garciafaura.com\/fr\/\",\"logo\":{\"@type\":\"ImageObject\",\"inLanguage\":\"es\",\"@id\":\"https:\/\/www.garciafaura.com\/fr\/#\/schema\/logo\/image\/\",\"url\":\"https:\/\/www.garciafaura.com\/wp-content\/uploads\/2018\/09\/Garcia-Faura.png\",\"contentUrl\":\"https:\/\/www.garciafaura.com\/wp-content\/uploads\/2018\/09\/Garcia-Faura.png\",\"width\":512,\"height\":512,\"caption\":\"GARCIA FAURA\"},\"image\":{\"@id\":\"https:\/\/www.garciafaura.com\/fr\/#\/schema\/logo\/image\/\"},\"sameAs\":[\"https:\/\/www.youtube.com\/user\/GARCIAFAURA\"]}]}<\/script>\n<!-- \/ Yoast SEO plugin. -->","yoast_head_json":{"title":"Ingenier\u00eda, C\u00e1lculo y Dise\u00f1o - GARCIA FAURA","description":"Arquitectura en Alumini, Inox, Ferro i Vidre","robots":{"index":"index","follow":"follow","max-snippet":"max-snippet:-1","max-image-preview":"max-image-preview:large","max-video-preview":"max-video-preview:-1"},"canonical":"https:\/\/www.garciafaura.com\/es\/ingenieria-calculo-y-diseno\/","og_locale":"es_ES","og_type":"article","og_title":"Ingenier\u00eda, C\u00e1lculo y Dise\u00f1o - GARCIA FAURA","og_description":"Arquitectura en Alumini, Inox, Ferro i Vidre","og_url":"https:\/\/www.garciafaura.com\/es\/ingenieria-calculo-y-diseno\/","og_site_name":"GARCIA FAURA","article_modified_time":"2021-10-19T07:25:22+00:00","twitter_card":"summary_large_image","twitter_misc":{"Tiempo de lectura":"1 minuto"},"schema":{"@context":"https:\/\/schema.org","@graph":[{"@type":"WebPage","@id":"https:\/\/www.garciafaura.com\/es\/ingenieria-calculo-y-diseno\/","url":"https:\/\/www.garciafaura.com\/es\/ingenieria-calculo-y-diseno\/","name":"Ingenier\u00eda, C\u00e1lculo y Dise\u00f1o - GARCIA FAURA","isPartOf":{"@id":"https:\/\/www.garciafaura.com\/fr\/#website"},"datePublished":"2019-02-21T18:33:22+00:00","dateModified":"2021-10-19T07:25:22+00:00","description":"Arquitectura en Alumini, Inox, Ferro i Vidre","breadcrumb":{"@id":"https:\/\/www.garciafaura.com\/es\/ingenieria-calculo-y-diseno\/#breadcrumb"},"inLanguage":"es","potentialAction":[{"@type":"ReadAction","target":["https:\/\/www.garciafaura.com\/es\/ingenieria-calculo-y-diseno\/"]}]},{"@type":"BreadcrumbList","@id":"https:\/\/www.garciafaura.com\/es\/ingenieria-calculo-y-diseno\/#breadcrumb","itemListElement":[{"@type":"ListItem","position":1,"name":"Inici","item":"https:\/\/www.garciafaura.com\/es\/"},{"@type":"ListItem","position":2,"name":"Ingenier\u00eda, C\u00e1lculo y Dise\u00f1o"}]},{"@type":"WebSite","@id":"https:\/\/www.garciafaura.com\/fr\/#website","url":"https:\/\/www.garciafaura.com\/fr\/","name":"GARCIA FAURA","description":"Arquitectura en Alumini, Inox, Ferro i Vidre","publisher":{"@id":"https:\/\/www.garciafaura.com\/fr\/#organization"},"potentialAction":[{"@type":"SearchAction","target":{"@type":"EntryPoint","urlTemplate":"https:\/\/www.garciafaura.com\/fr\/?s={search_term_string}"},"query-input":{"@type":"PropertyValueSpecification","valueRequired":true,"valueName":"search_term_string"}}],"inLanguage":"es"},{"@type":"Organization","@id":"https:\/\/www.garciafaura.com\/fr\/#organization","name":"GARCIA FAURA","url":"https:\/\/www.garciafaura.com\/fr\/","logo":{"@type":"ImageObject","inLanguage":"es","@id":"https:\/\/www.garciafaura.com\/fr\/#\/schema\/logo\/image\/","url":"https:\/\/www.garciafaura.com\/wp-content\/uploads\/2018\/09\/Garcia-Faura.png","contentUrl":"https:\/\/www.garciafaura.com\/wp-content\/uploads\/2018\/09\/Garcia-Faura.png","width":512,"height":512,"caption":"GARCIA FAURA"},"image":{"@id":"https:\/\/www.garciafaura.com\/fr\/#\/schema\/logo\/image\/"},"sameAs":["https:\/\/www.youtube.com\/user\/GARCIAFAURA"]}]}},"_links":{"self":[{"href":"https:\/\/www.garciafaura.com\/es\/wp-json\/wp\/v2\/pages\/17235","targetHints":{"allow":["GET"]}}],"collection":[{"href":"https:\/\/www.garciafaura.com\/es\/wp-json\/wp\/v2\/pages"}],"about":[{"href":"https:\/\/www.garciafaura.com\/es\/wp-json\/wp\/v2\/types\/page"}],"author":[{"embeddable":true,"href":"https:\/\/www.garciafaura.com\/es\/wp-json\/wp\/v2\/users\/3"}],"replies":[{"embeddable":true,"href":"https:\/\/www.garciafaura.com\/es\/wp-json\/wp\/v2\/comments?post=17235"}],"version-history":[{"count":4,"href":"https:\/\/www.garciafaura.com\/es\/wp-json\/wp\/v2\/pages\/17235\/revisions"}],"predecessor-version":[{"id":28619,"href":"https:\/\/www.garciafaura.com\/es\/wp-json\/wp\/v2\/pages\/17235\/revisions\/28619"}],"wp:attachment":[{"href":"https:\/\/www.garciafaura.com\/es\/wp-json\/wp\/v2\/media?parent=17235"}],"curies":[{"name":"wp","href":"https:\/\/api.w.org\/{rel}","templated":true}]}}

Ingeniería, Cálculo y Diseño

<div class="wpb-content-wrapper">[vc_row full_width=»stretch_row» content_placement=»middle» wpex_bg_overlay=»color» wpex_bg_overlay_color=»#d9d9d9&#8243; wpex_bg_overlay_opacity=»0.85&#8243;][vc_column]<div class="vcex-spacing" style="height:30px"></div>[vc_column_text]<span style="font-family: 'Open Sans'; font-size: 18px;"><strong>GARCIA FAURA</strong> dispone de una área específica destinada al análisis y el desarrollo de soluciones técnicas de fachadas y elementos estructurales. Un equipo que participa directamente en el proceso de definición de los proyectos que desarrollamos, a partir del cálculo por elementos finitos y la formulación analítica de propuestas.</span>[/vc_column_text][/vc_column][/vc_row][vc_row full_width=»stretch_row» equal_height=»yes» typography_style=»light»][vc_column width=»2/3&#8243;]<div class="vcex-spacing" style="height:30px"></div>[vc_single_image image=»28617&#8243;][/vc_column][vc_column width=»1/3&#8243;]<div class="vcex-spacing" style="height:30px"></div>[vc_column_text]<span style="font-family: 'Open Sans'; font-size: 18px;">Un servicio altamente tecnificado, que deviene alianza de primer nivel para el equipo de ingeniería y arquitectura autor del proyecto, trabajando conjuntamente con la Oficina Técnica de <strong>GARCIA FAURA</strong>. </span></p>
<p><span style="font-family: 'Open Sans'; font-size: 18px;">Permite buscar las soluciones existentes más adecuadas en función de los requerimientos del mismo, o bien diseñando sistemas propios que se adecuen a estos requerimientos.</span>[/vc_column_text][/vc_column][/vc_row]
</div>

<p>[vc_row full_width=»stretch_row» content_placement=»middle» wpex_bg_overlay=»color» wpex_bg_overlay_color=»#d9d9d9&#8243; wpex_bg_overlay_opacity=»0.85&#8243;][vc_column][vc_column_text]GARCIA FAURA dispone de una área específica destinada al análisis y el desarrollo de soluciones técnicas de fachadas y elementos estructurales. Un equipo que participa directamente en el proceso de definición de los proyectos que&hellip;</p>

<!-- This site is optimized with the Yoast SEO plugin v26.7 - https://yoast.com/wordpress/plugins/seo/ -->
<title>Ingeniería, Cálculo y Diseño - GARCIA FAURA</title>
<meta name="description" content="Arquitectura en Alumini, Inox, Ferro i Vidre" />
<meta name="robots" content="index, follow, max-snippet:-1, max-image-preview:large, max-video-preview:-1" />
<link rel="canonical" href="https://www.garciafaura.com/es/ingenieria-calculo-y-diseno/" />
<meta property="og:locale" content="es_ES" />
<meta property="og:type" content="article" />
<meta property="og:title" content="Ingeniería, Cálculo y Diseño - GARCIA FAURA" />
<meta property="og:description" content="Arquitectura en Alumini, Inox, Ferro i Vidre" />
<meta property="og:url" content="https://www.garciafaura.com/es/ingenieria-calculo-y-diseno/" />
<meta property="og:site_name" content="GARCIA FAURA" />
<meta property="article:modified_time" content="2021-10-19T07:25:22+00:00" />
<meta name="twitter:card" content="summary_large_image" />
<meta name="twitter:label1" content="Tiempo de lectura" />
	<meta name="twitter:data1" content="1 minuto" />
<script type="application/ld+json" class="yoast-schema-graph">{"@context":"https://schema.org","@graph":[{"@type":"WebPage","@id":"https://www.garciafaura.com/es/ingenieria-calculo-y-diseno/","url":"https://www.garciafaura.com/es/ingenieria-calculo-y-diseno/","name":"Ingeniería, Cálculo y Diseño - GARCIA FAURA","isPartOf":{"@id":"https://www.garciafaura.com/fr/#website"},"datePublished":"2019-02-21T18:33:22+00:00","dateModified":"2021-10-19T07:25:22+00:00","description":"Arquitectura en Alumini, Inox, Ferro i Vidre","breadcrumb":{"@id":"https://www.garciafaura.com/es/ingenieria-calculo-y-diseno/#breadcrumb"},"inLanguage":"es","potentialAction":[{"@type":"ReadAction","target":["https://www.garciafaura.com/es/ingenieria-calculo-y-diseno/"]}]},{"@type":"BreadcrumbList","@id":"https://www.garciafaura.com/es/ingenieria-calculo-y-diseno/#breadcrumb","itemListElement":[{"@type":"ListItem","position":1,"name":"Inici","item":"https://www.garciafaura.com/es/"},{"@type":"ListItem","position":2,"name":"Ingeniería, Cálculo y Diseño"}]},{"@type":"WebSite","@id":"https://www.garciafaura.com/fr/#website","url":"https://www.garciafaura.com/fr/","name":"GARCIA FAURA","description":"Arquitectura en Alumini, Inox, Ferro i Vidre","publisher":{"@id":"https://www.garciafaura.com/fr/#organization"},"potentialAction":[{"@type":"SearchAction","target":{"@type":"EntryPoint","urlTemplate":"https://www.garciafaura.com/fr/?s={search_term_string}"},"query-input":{"@type":"PropertyValueSpecification","valueRequired":true,"valueName":"search_term_string"}}],"inLanguage":"es"},{"@type":"Organization","@id":"https://www.garciafaura.com/fr/#organization","name":"GARCIA FAURA","url":"https://www.garciafaura.com/fr/","logo":{"@type":"ImageObject","inLanguage":"es","@id":"https://www.garciafaura.com/fr/#/schema/logo/image/","url":"https://www.garciafaura.com/wp-content/uploads/2018/09/Garcia-Faura.png","contentUrl":"https://www.garciafaura.com/wp-content/uploads/2018/09/Garcia-Faura.png","width":512,"height":512,"caption":"GARCIA FAURA"},"image":{"@id":"https://www.garciafaura.com/fr/#/schema/logo/image/"},"sameAs":["https://www.youtube.com/user/GARCIAFAURA"]}]}</script>
<!-- / Yoast SEO plugin. -->

Ingeniería, Cálculo y Diseño - GARCIA FAURA
