{"id":20617,"date":"2019-05-27T11:18:10","date_gmt":"2019-05-27T11:18:10","guid":{"rendered":"https:\/\/www.garciafaura.com\/company\/"},"modified":"2022-09-08T11:31:27","modified_gmt":"2022-09-08T09:31:27","slug":"company","status":"publish","type":"page","link":"https:\/\/www.garciafaura.com\/en\/company\/","title":{"rendered":"Company"},"content":{"rendered":"<div class=\"wpb-content-wrapper\">[vc_row full_width=&#8221;stretch_row&#8221; typography_style=&#8221;light&#8221;][vc_column width=&#8221;1\/4&#8243;][vc_single_image image=&#8221;76&#8243; img_size=&#8221;thumbnail&#8221; alignment=&#8221;center&#8221;][\/vc_column][vc_column width=&#8221;3\/4&#8243;][vc_column_text]<span style=\"font-family: 'Open Sans'; font-size: 18px;\"><strong>GARCIA FAURA<\/strong> is the pioneering company behind the development of modular facades, curtain walls and enclosures in aluminium and glass. A company with its roots firmly embedded in family, created in 1888 and with an international presence. Our Head Offices are in Gav\u00e0 (Barcelona) and our sales branches are located in Colombia and in France.<\/span><\/p>\n<p><span style=\"font-family: 'Open Sans'; font-size: 18px;\">We are proud to offer what we call personalised guidance: the potential of a proven benchmark company, but with a close and direct touch. A leadership that is the result of the drive, effort and commitment of the GARCIA FAURA expert team, who put their heart and soul into a job that we are passionate about.<\/span><\/p>\n<p><span style=\"font-family: 'Open Sans'; font-size: 18px;\">Because we believe in what we do and strive daily to continue advancing towards the future. With the aim of being the best allies for your construction projects.<\/span>[\/vc_column_text][\/vc_column][\/vc_row][vc_row][vc_column css_animation=&#8221;fadeInDown&#8221; typography_style=&#8221;white&#8221;][vc_text_separator title=&#8221;130 years of experience in innovation&#8221; color=&#8221;custom&#8221; accent_color=&#8221;#dd3333&#8243; css=&#8221;.vc_custom_1571761303903{margin-top: 30px !important;margin-bottom: 30px !important;border-top-width: 0.5px !important;border-bottom-width: 0.5px !important;padding-top: 15px !important;padding-bottom: 15px !important;}&#8221;][\/vc_column][\/vc_row][vc_row][vc_column typography_style=&#8221;white&#8221;][vc_single_image image=&#8221;16659&#8243; css_animation=&#8221;fadeIn&#8221;][\/vc_column][\/vc_row][vc_row][vc_column width=&#8221;5\/6&#8243; css=&#8221;.vc_custom_1545153377327{margin-right: 30px !important;border-right-width: 0.5px !important;padding-right: 15px !important;border-right-color: #ffffff !important;border-right-style: solid !important;}&#8221;][vc_column_text color=&#8221;#9e9e9e&#8221;]<span style=\"font-family: 'Open Sans'; font-size: 18px;\">We are one of very few companies who can say that their origins date back as far as 1888. This is when <strong>GARCIA FAURA<\/strong> was born, initially as a forge in Gav\u00e0, then as a metalworking workshop, which we have continued to be up to the present day. Five family generations have continued our development along each step of the way, progressing at the same rate as society.<\/span><\/p>\n<p><span style=\"font-family: 'Open Sans'; font-size: 18px;\">Horseshoes gave way to artisan ironworks. The first railings paved the way to aluminium windows, and on to encompass all kinds of metal enclosures and glass facades. That family workshop became a pioneering company in the sector, a benchmark in the territory, an economic and employment machine.<\/span><\/p>\n<p><span style=\"font-family: 'Open Sans'; font-size: 18px;\">Already fully in the 21st century, <strong>GARCIA FAURA<\/strong> looks to the future conscious that innovation, constant development and taking on new challenges are the key to continue this progress.<\/span><\/p>\n<p><span style=\"font-family: 'Open Sans'; font-size: 18px;\">And all this, as always, while ensuring the product and service quality levels. Committed to the territory and to people. This is the way it has been for 125 years, And this is how we wish it to continue to be.<\/span>[\/vc_column_text][\/vc_column][vc_column width=&#8221;1\/6&#8243;][\/vc_column][\/vc_row][vc_row][vc_column width=&#8221;1\/2&#8243;][\/vc_column][vc_column width=&#8221;1\/2&#8243;][vc_column_text text_align=&#8221;right&#8221; color=&#8221;#ffffff&#8221;]<em><span style=\"font-family: 'Open Sans'; font-size: 16px;\">&#8220;It is not the strongest or the most intelligent who will survive but those who can best manage change.&#8221; <\/span><\/em><br \/>\n<strong><span style=\"font-family: 'Open Sans'; font-size: 16px;\">Charles R. Darwin<\/span><\/strong>[\/vc_column_text][\/vc_column][\/vc_row]\n<\/div>","protected":false},"excerpt":{"rendered":"<p>[vc_row full_width=&#8221;stretch_row&#8221; typography_style=&#8221;light&#8221;][vc_column width=&#8221;1\/4&#8243;][vc_single_image image=&#8221;76&#8243; img_size=&#8221;thumbnail&#8221; alignment=&#8221;center&#8221;][\/vc_column][vc_column width=&#8221;3\/4&#8243;][vc_column_text]GARCIA FAURA is the pioneering company behind the development of modular facades, curtain walls and enclosures in aluminium and glass. A company with its roots firmly embedded in family, created in 1888 and&hellip;<\/p>\n","protected":false},"author":3,"featured_media":0,"parent":0,"menu_order":0,"comment_status":"closed","ping_status":"closed","template":"","meta":{"footnotes":""},"class_list":["post-20617","page","type-page","status-publish","hentry","entry","no-media"],"yoast_head":"<!-- This site is optimized with the Yoast SEO plugin v26.7 - https:\/\/yoast.com\/wordpress\/plugins\/seo\/ -->\n<title>Company - GARCIA FAURA<\/title>\n<meta name=\"description\" content=\"GARCIA FAURA \u00e9s l\u2019empresa pionera en el desenvolupament de fa\u00e7anes modulars, murs cortina i tancaments d\u2019alumini i vidre. Una companyia d\u2019arrel familiar, nascuda l\u2019any 1888 i amb projecci\u00f3 internacional. Amb seu central a Gav\u00e0 (Barcelona) i delegacions pr\u00f2pies a Col\u00f2mbia i Fran\u00e7a.\" \/>\n<meta name=\"robots\" content=\"index, follow, max-snippet:-1, max-image-preview:large, max-video-preview:-1\" \/>\n<link rel=\"canonical\" href=\"https:\/\/www.garciafaura.com\/en\/company\/\" \/>\n<meta property=\"og:locale\" content=\"en_US\" \/>\n<meta property=\"og:type\" content=\"article\" \/>\n<meta property=\"og:title\" content=\"Company - GARCIA FAURA\" \/>\n<meta property=\"og:description\" content=\"GARCIA FAURA \u00e9s l\u2019empresa pionera en el desenvolupament de fa\u00e7anes modulars, murs cortina i tancaments d\u2019alumini i vidre. Una companyia d\u2019arrel familiar, nascuda l\u2019any 1888 i amb projecci\u00f3 internacional. Amb seu central a Gav\u00e0 (Barcelona) i delegacions pr\u00f2pies a Col\u00f2mbia i Fran\u00e7a.\" \/>\n<meta property=\"og:url\" content=\"https:\/\/www.garciafaura.com\/en\/company\/\" \/>\n<meta property=\"og:site_name\" content=\"GARCIA FAURA\" \/>\n<meta property=\"article:modified_time\" content=\"2022-09-08T09:31:27+00:00\" \/>\n<meta name=\"twitter:card\" content=\"summary_large_image\" \/>\n<meta name=\"twitter:label1\" content=\"Est. reading time\" \/>\n\t<meta name=\"twitter:data1\" content=\"3 minutes\" \/>\n<script type=\"application\/ld+json\" class=\"yoast-schema-graph\">{\"@context\":\"https:\/\/schema.org\",\"@graph\":[{\"@type\":\"WebPage\",\"@id\":\"https:\/\/www.garciafaura.com\/en\/company\/\",\"url\":\"https:\/\/www.garciafaura.com\/en\/company\/\",\"name\":\"Company - GARCIA FAURA\",\"isPartOf\":{\"@id\":\"https:\/\/www.garciafaura.com\/fr\/#website\"},\"datePublished\":\"2019-05-27T11:18:10+00:00\",\"dateModified\":\"2022-09-08T09:31:27+00:00\",\"description\":\"GARCIA FAURA \u00e9s l\u2019empresa pionera en el desenvolupament de fa\u00e7anes modulars, murs cortina i tancaments d\u2019alumini i vidre. Una companyia d\u2019arrel familiar, nascuda l\u2019any 1888 i amb projecci\u00f3 internacional. Amb seu central a Gav\u00e0 (Barcelona) i delegacions pr\u00f2pies a Col\u00f2mbia i Fran\u00e7a.\",\"breadcrumb\":{\"@id\":\"https:\/\/www.garciafaura.com\/en\/company\/#breadcrumb\"},\"inLanguage\":\"en-US\",\"potentialAction\":[{\"@type\":\"ReadAction\",\"target\":[\"https:\/\/www.garciafaura.com\/en\/company\/\"]}]},{\"@type\":\"BreadcrumbList\",\"@id\":\"https:\/\/www.garciafaura.com\/en\/company\/#breadcrumb\",\"itemListElement\":[{\"@type\":\"ListItem\",\"position\":1,\"name\":\"Inici\",\"item\":\"https:\/\/www.garciafaura.com\/en\/\"},{\"@type\":\"ListItem\",\"position\":2,\"name\":\"Company\"}]},{\"@type\":\"WebSite\",\"@id\":\"https:\/\/www.garciafaura.com\/fr\/#website\",\"url\":\"https:\/\/www.garciafaura.com\/fr\/\",\"name\":\"GARCIA FAURA\",\"description\":\"Arquitectura en Alumini, Inox, Ferro i Vidre\",\"publisher\":{\"@id\":\"https:\/\/www.garciafaura.com\/fr\/#organization\"},\"potentialAction\":[{\"@type\":\"SearchAction\",\"target\":{\"@type\":\"EntryPoint\",\"urlTemplate\":\"https:\/\/www.garciafaura.com\/fr\/?s={search_term_string}\"},\"query-input\":{\"@type\":\"PropertyValueSpecification\",\"valueRequired\":true,\"valueName\":\"search_term_string\"}}],\"inLanguage\":\"en-US\"},{\"@type\":\"Organization\",\"@id\":\"https:\/\/www.garciafaura.com\/fr\/#organization\",\"name\":\"GARCIA FAURA\",\"url\":\"https:\/\/www.garciafaura.com\/fr\/\",\"logo\":{\"@type\":\"ImageObject\",\"inLanguage\":\"en-US\",\"@id\":\"https:\/\/www.garciafaura.com\/fr\/#\/schema\/logo\/image\/\",\"url\":\"https:\/\/www.garciafaura.com\/wp-content\/uploads\/2018\/09\/Garcia-Faura.png\",\"contentUrl\":\"https:\/\/www.garciafaura.com\/wp-content\/uploads\/2018\/09\/Garcia-Faura.png\",\"width\":512,\"height\":512,\"caption\":\"GARCIA FAURA\"},\"image\":{\"@id\":\"https:\/\/www.garciafaura.com\/fr\/#\/schema\/logo\/image\/\"},\"sameAs\":[\"https:\/\/www.youtube.com\/user\/GARCIAFAURA\"]}]}<\/script>\n<!-- \/ Yoast SEO plugin. -->","yoast_head_json":{"title":"Company - GARCIA FAURA","description":"GARCIA FAURA \u00e9s l\u2019empresa pionera en el desenvolupament de fa\u00e7anes modulars, murs cortina i tancaments d\u2019alumini i vidre. Una companyia d\u2019arrel familiar, nascuda l\u2019any 1888 i amb projecci\u00f3 internacional. Amb seu central a Gav\u00e0 (Barcelona) i delegacions pr\u00f2pies a Col\u00f2mbia i Fran\u00e7a.","robots":{"index":"index","follow":"follow","max-snippet":"max-snippet:-1","max-image-preview":"max-image-preview:large","max-video-preview":"max-video-preview:-1"},"canonical":"https:\/\/www.garciafaura.com\/en\/company\/","og_locale":"en_US","og_type":"article","og_title":"Company - GARCIA FAURA","og_description":"GARCIA FAURA \u00e9s l\u2019empresa pionera en el desenvolupament de fa\u00e7anes modulars, murs cortina i tancaments d\u2019alumini i vidre. Una companyia d\u2019arrel familiar, nascuda l\u2019any 1888 i amb projecci\u00f3 internacional. Amb seu central a Gav\u00e0 (Barcelona) i delegacions pr\u00f2pies a Col\u00f2mbia i Fran\u00e7a.","og_url":"https:\/\/www.garciafaura.com\/en\/company\/","og_site_name":"GARCIA FAURA","article_modified_time":"2022-09-08T09:31:27+00:00","twitter_card":"summary_large_image","twitter_misc":{"Est. reading time":"3 minutes"},"schema":{"@context":"https:\/\/schema.org","@graph":[{"@type":"WebPage","@id":"https:\/\/www.garciafaura.com\/en\/company\/","url":"https:\/\/www.garciafaura.com\/en\/company\/","name":"Company - GARCIA FAURA","isPartOf":{"@id":"https:\/\/www.garciafaura.com\/fr\/#website"},"datePublished":"2019-05-27T11:18:10+00:00","dateModified":"2022-09-08T09:31:27+00:00","description":"GARCIA FAURA \u00e9s l\u2019empresa pionera en el desenvolupament de fa\u00e7anes modulars, murs cortina i tancaments d\u2019alumini i vidre. Una companyia d\u2019arrel familiar, nascuda l\u2019any 1888 i amb projecci\u00f3 internacional. Amb seu central a Gav\u00e0 (Barcelona) i delegacions pr\u00f2pies a Col\u00f2mbia i Fran\u00e7a.","breadcrumb":{"@id":"https:\/\/www.garciafaura.com\/en\/company\/#breadcrumb"},"inLanguage":"en-US","potentialAction":[{"@type":"ReadAction","target":["https:\/\/www.garciafaura.com\/en\/company\/"]}]},{"@type":"BreadcrumbList","@id":"https:\/\/www.garciafaura.com\/en\/company\/#breadcrumb","itemListElement":[{"@type":"ListItem","position":1,"name":"Inici","item":"https:\/\/www.garciafaura.com\/en\/"},{"@type":"ListItem","position":2,"name":"Company"}]},{"@type":"WebSite","@id":"https:\/\/www.garciafaura.com\/fr\/#website","url":"https:\/\/www.garciafaura.com\/fr\/","name":"GARCIA FAURA","description":"Arquitectura en Alumini, Inox, Ferro i Vidre","publisher":{"@id":"https:\/\/www.garciafaura.com\/fr\/#organization"},"potentialAction":[{"@type":"SearchAction","target":{"@type":"EntryPoint","urlTemplate":"https:\/\/www.garciafaura.com\/fr\/?s={search_term_string}"},"query-input":{"@type":"PropertyValueSpecification","valueRequired":true,"valueName":"search_term_string"}}],"inLanguage":"en-US"},{"@type":"Organization","@id":"https:\/\/www.garciafaura.com\/fr\/#organization","name":"GARCIA FAURA","url":"https:\/\/www.garciafaura.com\/fr\/","logo":{"@type":"ImageObject","inLanguage":"en-US","@id":"https:\/\/www.garciafaura.com\/fr\/#\/schema\/logo\/image\/","url":"https:\/\/www.garciafaura.com\/wp-content\/uploads\/2018\/09\/Garcia-Faura.png","contentUrl":"https:\/\/www.garciafaura.com\/wp-content\/uploads\/2018\/09\/Garcia-Faura.png","width":512,"height":512,"caption":"GARCIA FAURA"},"image":{"@id":"https:\/\/www.garciafaura.com\/fr\/#\/schema\/logo\/image\/"},"sameAs":["https:\/\/www.youtube.com\/user\/GARCIAFAURA"]}]}},"_links":{"self":[{"href":"https:\/\/www.garciafaura.com\/en\/wp-json\/wp\/v2\/pages\/20617","targetHints":{"allow":["GET"]}}],"collection":[{"href":"https:\/\/www.garciafaura.com\/en\/wp-json\/wp\/v2\/pages"}],"about":[{"href":"https:\/\/www.garciafaura.com\/en\/wp-json\/wp\/v2\/types\/page"}],"author":[{"embeddable":true,"href":"https:\/\/www.garciafaura.com\/en\/wp-json\/wp\/v2\/users\/3"}],"replies":[{"embeddable":true,"href":"https:\/\/www.garciafaura.com\/en\/wp-json\/wp\/v2\/comments?post=20617"}],"version-history":[{"count":6,"href":"https:\/\/www.garciafaura.com\/en\/wp-json\/wp\/v2\/pages\/20617\/revisions"}],"predecessor-version":[{"id":30327,"href":"https:\/\/www.garciafaura.com\/en\/wp-json\/wp\/v2\/pages\/20617\/revisions\/30327"}],"wp:attachment":[{"href":"https:\/\/www.garciafaura.com\/en\/wp-json\/wp\/v2\/media?parent=20617"}],"curies":[{"name":"wp","href":"https:\/\/api.w.org\/{rel}","templated":true}]}}

<div class="wpb-content-wrapper">[vc_row full_width=&#8221;stretch_row&#8221; typography_style=&#8221;light&#8221;][vc_column width=&#8221;1/4&#8243;][vc_single_image image=&#8221;76&#8243; img_size=&#8221;thumbnail&#8221; alignment=&#8221;center&#8221;][/vc_column][vc_column width=&#8221;3/4&#8243;][vc_column_text]<span style="font-family: 'Open Sans'; font-size: 18px;"><strong>GARCIA FAURA</strong> is the pioneering company behind the development of modular facades, curtain walls and enclosures in aluminium and glass. A company with its roots firmly embedded in family, created in 1888 and with an international presence. Our Head Offices are in Gavà (Barcelona) and our sales branches are located in Colombia and in France.</span></p>
<p><span style="font-family: 'Open Sans'; font-size: 18px;">We are proud to offer what we call personalised guidance: the potential of a proven benchmark company, but with a close and direct touch. A leadership that is the result of the drive, effort and commitment of the GARCIA FAURA expert team, who put their heart and soul into a job that we are passionate about.</span></p>
<p><span style="font-family: 'Open Sans'; font-size: 18px;">Because we believe in what we do and strive daily to continue advancing towards the future. With the aim of being the best allies for your construction projects.</span>[/vc_column_text][/vc_column][/vc_row][vc_row][vc_column css_animation=&#8221;fadeInDown&#8221; typography_style=&#8221;white&#8221;][vc_text_separator title=&#8221;130 years of experience in innovation&#8221; color=&#8221;custom&#8221; accent_color=&#8221;#dd3333&#8243; css=&#8221;.vc_custom_1571761303903{margin-top: 30px !important;margin-bottom: 30px !important;border-top-width: 0.5px !important;border-bottom-width: 0.5px !important;padding-top: 15px !important;padding-bottom: 15px !important;}&#8221;][/vc_column][/vc_row][vc_row][vc_column typography_style=&#8221;white&#8221;][vc_single_image image=&#8221;16659&#8243; css_animation=&#8221;fadeIn&#8221;][/vc_column][/vc_row][vc_row][vc_column width=&#8221;5/6&#8243; css=&#8221;.vc_custom_1545153377327{margin-right: 30px !important;border-right-width: 0.5px !important;padding-right: 15px !important;border-right-color: #ffffff !important;border-right-style: solid !important;}&#8221;][vc_column_text color=&#8221;#9e9e9e&#8221;]<span style="font-family: 'Open Sans'; font-size: 18px;">We are one of very few companies who can say that their origins date back as far as 1888. This is when <strong>GARCIA FAURA</strong> was born, initially as a forge in Gavà, then as a metalworking workshop, which we have continued to be up to the present day. Five family generations have continued our development along each step of the way, progressing at the same rate as society.</span></p>
<p><span style="font-family: 'Open Sans'; font-size: 18px;">Horseshoes gave way to artisan ironworks. The first railings paved the way to aluminium windows, and on to encompass all kinds of metal enclosures and glass facades. That family workshop became a pioneering company in the sector, a benchmark in the territory, an economic and employment machine.</span></p>
<p><span style="font-family: 'Open Sans'; font-size: 18px;">Already fully in the 21st century, <strong>GARCIA FAURA</strong> looks to the future conscious that innovation, constant development and taking on new challenges are the key to continue this progress.</span></p>
<p><span style="font-family: 'Open Sans'; font-size: 18px;">And all this, as always, while ensuring the product and service quality levels. Committed to the territory and to people. This is the way it has been for 125 years, And this is how we wish it to continue to be.</span>[/vc_column_text][/vc_column][vc_column width=&#8221;1/6&#8243;][/vc_column][/vc_row][vc_row][vc_column width=&#8221;1/2&#8243;][/vc_column][vc_column width=&#8221;1/2&#8243;][vc_column_text text_align=&#8221;right&#8221; color=&#8221;#ffffff&#8221;]<em><span style="font-family: 'Open Sans'; font-size: 16px;">&#8220;It is not the strongest or the most intelligent who will survive but those who can best manage change.&#8221; </span></em><br />
<strong><span style="font-family: 'Open Sans'; font-size: 16px;">Charles R. Darwin</span></strong>[/vc_column_text][/vc_column][/vc_row]
</div>

<!-- This site is optimized with the Yoast SEO plugin v26.7 - https://yoast.com/wordpress/plugins/seo/ -->
<title>Company - GARCIA FAURA</title>
<meta name="description" content="GARCIA FAURA és l’empresa pionera en el desenvolupament de façanes modulars, murs cortina i tancaments d’alumini i vidre. Una companyia d’arrel familiar, nascuda l’any 1888 i amb projecció internacional. Amb seu central a Gavà (Barcelona) i delegacions pròpies a Colòmbia i França." />
<meta name="robots" content="index, follow, max-snippet:-1, max-image-preview:large, max-video-preview:-1" />
<link rel="canonical" href="https://www.garciafaura.com/en/company/" />
<meta property="og:locale" content="en_US" />
<meta property="og:type" content="article" />
<meta property="og:title" content="Company - GARCIA FAURA" />
<meta property="og:description" content="GARCIA FAURA és l’empresa pionera en el desenvolupament de façanes modulars, murs cortina i tancaments d’alumini i vidre. Una companyia d’arrel familiar, nascuda l’any 1888 i amb projecció internacional. Amb seu central a Gavà (Barcelona) i delegacions pròpies a Colòmbia i França." />
<meta property="og:url" content="https://www.garciafaura.com/en/company/" />
<meta property="og:site_name" content="GARCIA FAURA" />
<meta property="article:modified_time" content="2022-09-08T09:31:27+00:00" />
<meta name="twitter:card" content="summary_large_image" />
<meta name="twitter:label1" content="Est. reading time" />
	<meta name="twitter:data1" content="3 minutes" />
<script type="application/ld+json" class="yoast-schema-graph">{"@context":"https://schema.org","@graph":[{"@type":"WebPage","@id":"https://www.garciafaura.com/en/company/","url":"https://www.garciafaura.com/en/company/","name":"Company - GARCIA FAURA","isPartOf":{"@id":"https://www.garciafaura.com/fr/#website"},"datePublished":"2019-05-27T11:18:10+00:00","dateModified":"2022-09-08T09:31:27+00:00","description":"GARCIA FAURA és l’empresa pionera en el desenvolupament de façanes modulars, murs cortina i tancaments d’alumini i vidre. Una companyia d’arrel familiar, nascuda l’any 1888 i amb projecció internacional. Amb seu central a Gavà (Barcelona) i delegacions pròpies a Colòmbia i França.","breadcrumb":{"@id":"https://www.garciafaura.com/en/company/#breadcrumb"},"inLanguage":"en-US","potentialAction":[{"@type":"ReadAction","target":["https://www.garciafaura.com/en/company/"]}]},{"@type":"BreadcrumbList","@id":"https://www.garciafaura.com/en/company/#breadcrumb","itemListElement":[{"@type":"ListItem","position":1,"name":"Inici","item":"https://www.garciafaura.com/en/"},{"@type":"ListItem","position":2,"name":"Company"}]},{"@type":"WebSite","@id":"https://www.garciafaura.com/fr/#website","url":"https://www.garciafaura.com/fr/","name":"GARCIA FAURA","description":"Arquitectura en Alumini, Inox, Ferro i Vidre","publisher":{"@id":"https://www.garciafaura.com/fr/#organization"},"potentialAction":[{"@type":"SearchAction","target":{"@type":"EntryPoint","urlTemplate":"https://www.garciafaura.com/fr/?s={search_term_string}"},"query-input":{"@type":"PropertyValueSpecification","valueRequired":true,"valueName":"search_term_string"}}],"inLanguage":"en-US"},{"@type":"Organization","@id":"https://www.garciafaura.com/fr/#organization","name":"GARCIA FAURA","url":"https://www.garciafaura.com/fr/","logo":{"@type":"ImageObject","inLanguage":"en-US","@id":"https://www.garciafaura.com/fr/#/schema/logo/image/","url":"https://www.garciafaura.com/wp-content/uploads/2018/09/Garcia-Faura.png","contentUrl":"https://www.garciafaura.com/wp-content/uploads/2018/09/Garcia-Faura.png","width":512,"height":512,"caption":"GARCIA FAURA"},"image":{"@id":"https://www.garciafaura.com/fr/#/schema/logo/image/"},"sameAs":["https://www.youtube.com/user/GARCIAFAURA"]}]}</script>
<!-- / Yoast SEO plugin. -->

GARCIA FAURA és l’empresa pionera en el desenvolupament de façanes modulars, murs cortina i tancaments d’alumini i vidre. Una companyia d’arrel familiar, nascuda l’any 1888 i amb projecció internacional. Amb seu central a Gavà (Barcelona) i delegacions pròpies a Colòmbia i França.
